{"id":123042,"date":"2022-02-03T14:52:06","date_gmt":"2022-02-03T13:52:06","guid":{"rendered":"https:\/\/www.anneau-du-rhin.com\/moto\/?post_type=product&#038;p=123042"},"modified":"2025-09-10T17:17:09","modified_gmt":"2025-09-10T15:17:09","slug":"coaching","status":"publish","type":"product","link":"https:\/\/www.anneau-du-rhin.com\/moto\/produit\/coaching\/","title":{"rendered":"Coaching"},"content":{"rendered":"<p style=\"text-align: left;\"><em><strong>Coaching \/ Accompagnement sur les circuits<\/strong><\/em><\/p>\n<p style=\"text-align: left;\">Dipl\u00f4m\u00e9 : CQP \u00e9ducateur \/ initiateur Motocycle<br \/>\nUn coaching personnalis\u00e9, suivi de pr\u00e8s tout au long des s\u00e9ances r\u00e9alis\u00e9es.<br \/>\nNous adaptons tout niveau de pilotage en fonction de chaque objectif et<br \/>\n\u00e9volution des participants<\/p>\n<p style=\"text-align: left;\">Yvan LAETZIG\u00a0 pilote moto au Championnat de France SUPERBIKE et au championnat du monde d&#8217;endurance.<\/p>\n<p style=\"text-align: left;\">Cela fait 10 ans que je suis dans diff\u00e9rents Championnats Nationaux et Internationaux.<\/p>\n<p style=\"text-align: left;\">il a remport\u00e9 des Championnats tels que le Championnat d&#8217;Alsace \/ Grand Est ainsi que la coupe Pirelli (Championnat de France jeune Espoir).<\/p>\n<p style=\"text-align: left;\">Egalement particip\u00e9 \u00e0 de nombreuses courses sur le circuit de l&#8217;Anneau du Rhin o\u00f9 il a remport\u00e9 de nombreuses victoires ainsi que le record du tour en cat\u00e9gorie 600cc qui n&#8217;a pas \u00e9t\u00e9 battu \u00e0 ce jour.<\/p>\n<p style=\"text-align: left;\"><strong>Tarifs : (sur demande selon le nombre de personne)<\/strong><\/p>\n<p style=\"text-align: left;\">Soir\u00e9e AW MC ADR : 329\u20ac \/ Personne (+ tarif du roulage)<\/p>\n<p style=\"text-align: left;\">Journ\u00e9e TD MC ADR : 389 \u20ac \/ Personne (+ tarif du roulage)<\/p>\n<p><strong>ATTENTION : achat de votre soir\u00e9e AW ou Trackday MC ADR\u00a0 non comprise\u00a0<\/strong><\/p>\n<p style=\"text-align: left;\"><em><strong>Pour un rendez-vous coaching, merci de nous contactez par mail \u00e0 l&#8217;adresse : yvantrackservice@gmail.com<\/strong><\/em><\/p>\n","protected":false},"excerpt":{"rendered":"<p><strong>Une journ\u00e9e type comprend :<\/strong><br \/>\n&#8211; Etude de votre pilotage en dynamique et en statique<br \/>\n&#8211; Echauffement avant la premi\u00e8re s\u00e9ance du matin et celle de l\u2019apr\u00e8s-midi<br \/>\n&#8211; Briefing et D\u00e9briefing avant et apr\u00e8s chaque s\u00e9ance<br \/>\n&#8211; Plan du circuit d\u00e9taill\u00e9 avec les rep\u00e8res (trajectoire, frein, point de corde,<br \/>\npoint de sortie\u2026)<br \/>\n&#8211; Suivi en dynamique avec une Gopro vue sur l\u2019avant ou l\u2019arri\u00e8re<br \/>\n&#8211; Corrections individuelles avec les donn\u00e9es visuelles des vid\u00e9os<br \/>\n&#8211; Conseils personnalis\u00e9s avec les plans de circuit<br \/>\n&#8211; Conseils en dynamique avec les rep\u00e8res de trajectoire<br \/>\n&#8211; Mise en place de rep\u00e8res sur la piste<\/p>\n<p><em><strong>La formule coaching comprend \u00e9galement :<\/strong><\/em><br \/>\n&#8211; Une place dans la tonnelle avec un tapis environnemental<br \/>\n(Si le participant n\u2019a pas pris de box)<br \/>\n&#8211; Mise en place sur demande (B\u00e9quilles, couverture chauffant, manom\u00e8tre<br \/>\nde pression, pi\u00e8ce de chute ou consommable)<br \/>\n&#8211; Petit-d\u00e9jeuner le matin<br \/>\n&#8211; Des collations la journ\u00e9e<br \/>\n&#8211; Autocollant offert YTS<\/p>\n<p>Possibilit\u00e9 de prendre plusieurs formules selon la demande et l\u2019envie<br \/>\ndu client, le prix sera en fonction des formules prise<\/p>\n<p><strong><span class=\"has-inline-color has-vivid-red-color\">Attention aux conditions d\u2019inscription\u00a0!<\/span><\/strong><\/p>\n<p><strong>Pour participer, une fois votre inscription faite, vous devrez obligatoirement<\/strong>\u00a0:<\/p>\n<ul>\n<li>Disposer d\u2019une moto \u00e9quip\u00e9e d\u2019un \u00e9chappement conforme (plus d\u2019informations sur le bruit maximal autoris\u00e9 dans l\u2019onglet \u00ab\u00a0INFOS\u00a0\u00bb)<\/li>\n<li>Disposer d\u2019une assurance circuit (une licence FFM, ou un Pass Circuit FFM pour les non licenci\u00e9s) pour la journ\u00e9e (plus d\u2019informations sur les assurances FFM dans l\u2019onglet \u00ab INFOS \u00bb)<\/li>\n<li><strong>Disposer de l&#8217;\u00e9quipement complet (combinaison une pi\u00e8ce en cuir avec dorsale, gants, bottines et casque) une tol\u00e9rance est possible pour les \u00e9quipements deux pi\u00e8ces en cuir avec dorsale sous r\u00e9serve d&#8217;acceptation du chef de piste (v\u00e9rification des fermetures)<\/strong><\/li>\n<\/ul>\n","protected":false},"featured_media":124723,"template":"","meta":[],"product_cat":[489],"product_tag":[],"acf":[],"yoast_head":"<!-- This site is optimized with the Yoast SEO plugin v20.2 - https:\/\/yoast.com\/wordpress\/plugins\/seo\/ -->\n<title>Coaching &mdash; Moto Club de Biltzheim<\/title>\n<meta name=\"description\" content=\"Une journ\u00e9e type comprend : - Etude de votre pilotage en dynamique et en statique - Echauffement avant la premi\u00e8re s\u00e9ance du matin et celle de l\u2019apr\u00e8s-midi - Briefing et D\u00e9briefing avant et apr\u00e8s chaque s\u00e9ance - Plan du circuit d\u00e9taill\u00e9 avec les rep\u00e8res (trajectoire, frein, point de corde, point de sortie\u2026) - Suivi en dynamique avec une Gopro vue sur l\u2019avant ou l\u2019arri\u00e8re - Corrections individuelles avec les donn\u00e9es visuelles des vid\u00e9os - Conseils personnalis\u00e9s avec les plans de circuit - Conseils en dynamique avec les rep\u00e8res de trajectoire - Mise en place de rep\u00e8res sur la piste  La formule coaching comprend \u00e9galement : - Une place dans la tonnelle avec un tapis environnemental (Si le participant n\u2019a pas pris de box) - Mise en place sur demande (B\u00e9quilles, couverture chauffant, manom\u00e8tre de pression, pi\u00e8ce de chute ou consommable) - Petit-d\u00e9jeuner le matin - Des collations la journ\u00e9e - Autocollant offert YTS  Possibilit\u00e9 de prendre plusieurs formules selon la demande et l\u2019envie du client, le prix sera en fonction des formules prise  Attention aux conditions d\u2019inscription\u00a0!  Pour participer, une fois votre inscription faite, vous devrez obligatoirement\u00a0:   Disposer d\u2019une moto \u00e9quip\u00e9e d\u2019un \u00e9chappement conforme (plus d\u2019informations sur le bruit maximal autoris\u00e9 dans l\u2019onglet \u00ab\u00a0INFOS\u00a0\u00bb)  Disposer d\u2019une assurance circuit (une licence FFM, ou un Pass Circuit FFM pour les non licenci\u00e9s) pour la journ\u00e9e (plus d\u2019informations sur les assurances FFM dans l\u2019onglet \u00ab INFOS \u00bb)  Disposer de l&#039;\u00e9quipement complet (combinaison une pi\u00e8ce en cuir avec dorsale, gants, bottines et casque) une tol\u00e9rance est possible pour les \u00e9quipements deux pi\u00e8ces en cuir avec dorsale sous r\u00e9serve d&#039;acceptation du chef de piste (v\u00e9rification des fermetures)\" \/>\n<meta name=\"robots\" content=\"index, follow, max-snippet:-1, max-image-preview:large, max-video-preview:-1\" \/>\n<link rel=\"canonical\" href=\"https:\/\/www.anneau-du-rhin.com\/moto\/produit\/coaching\/\" \/>\n<meta property=\"og:locale\" content=\"fr_FR\" \/>\n<meta property=\"og:type\" content=\"article\" \/>\n<meta property=\"og:title\" content=\"Coaching &mdash; Moto Club de Biltzheim\" \/>\n<meta property=\"og:description\" content=\"Une journ\u00e9e type comprend : - Etude de votre pilotage en dynamique et en statique - Echauffement avant la premi\u00e8re s\u00e9ance du matin et celle de l\u2019apr\u00e8s-midi - Briefing et D\u00e9briefing avant et apr\u00e8s chaque s\u00e9ance - Plan du circuit d\u00e9taill\u00e9 avec les rep\u00e8res (trajectoire, frein, point de corde, point de sortie\u2026) - Suivi en dynamique avec une Gopro vue sur l\u2019avant ou l\u2019arri\u00e8re - Corrections individuelles avec les donn\u00e9es visuelles des vid\u00e9os - Conseils personnalis\u00e9s avec les plans de circuit - Conseils en dynamique avec les rep\u00e8res de trajectoire - Mise en place de rep\u00e8res sur la piste  La formule coaching comprend \u00e9galement : - Une place dans la tonnelle avec un tapis environnemental (Si le participant n\u2019a pas pris de box) - Mise en place sur demande (B\u00e9quilles, couverture chauffant, manom\u00e8tre de pression, pi\u00e8ce de chute ou consommable) - Petit-d\u00e9jeuner le matin - Des collations la journ\u00e9e - Autocollant offert YTS  Possibilit\u00e9 de prendre plusieurs formules selon la demande et l\u2019envie du client, le prix sera en fonction des formules prise  Attention aux conditions d\u2019inscription\u00a0!  Pour participer, une fois votre inscription faite, vous devrez obligatoirement\u00a0:   Disposer d\u2019une moto \u00e9quip\u00e9e d\u2019un \u00e9chappement conforme (plus d\u2019informations sur le bruit maximal autoris\u00e9 dans l\u2019onglet \u00ab\u00a0INFOS\u00a0\u00bb)  Disposer d\u2019une assurance circuit (une licence FFM, ou un Pass Circuit FFM pour les non licenci\u00e9s) pour la journ\u00e9e (plus d\u2019informations sur les assurances FFM dans l\u2019onglet \u00ab INFOS \u00bb)  Disposer de l&#039;\u00e9quipement complet (combinaison une pi\u00e8ce en cuir avec dorsale, gants, bottines et casque) une tol\u00e9rance est possible pour les \u00e9quipements deux pi\u00e8ces en cuir avec dorsale sous r\u00e9serve d&#039;acceptation du chef de piste (v\u00e9rification des fermetures)\" \/>\n<meta property=\"og:url\" content=\"https:\/\/www.anneau-du-rhin.com\/moto\/produit\/coaching\/\" \/>\n<meta property=\"og:site_name\" content=\"Moto Club de Biltzheim\" \/>\n<meta property=\"article:modified_time\" content=\"2025-09-10T15:17:09+00:00\" \/>\n<meta property=\"og:image\" content=\"https:\/\/www.anneau-du-rhin.com\/moto\/wp-content\/uploads\/2022\/02\/31380543-015c-4821-919d-467b285bced1.jpeg\" \/>\n\t<meta property=\"og:image:width\" content=\"768\" \/>\n\t<meta property=\"og:image:height\" content=\"1024\" \/>\n\t<meta property=\"og:image:type\" content=\"image\/jpeg\" \/>\n<meta name=\"twitter:card\" content=\"summary_large_image\" \/>\n<meta name=\"twitter:label1\" content=\"Dur\u00e9e de lecture estim\u00e9e\" \/>\n\t<meta name=\"twitter:data1\" content=\"1 minute\" \/>\n<script type=\"application\/ld+json\" class=\"yoast-schema-graph\">{\"@context\":\"https:\/\/schema.org\",\"@graph\":[{\"@type\":\"WebPage\",\"@id\":\"https:\/\/www.anneau-du-rhin.com\/moto\/produit\/coaching\/\",\"url\":\"https:\/\/www.anneau-du-rhin.com\/moto\/produit\/coaching\/\",\"name\":\"Coaching &mdash; Moto Club de Biltzheim\",\"isPartOf\":{\"@id\":\"https:\/\/www.anneau-du-rhin.com\/moto\/#website\"},\"datePublished\":\"2022-02-03T13:52:06+00:00\",\"dateModified\":\"2025-09-10T15:17:09+00:00\",\"description\":\"Une journ\u00e9e type comprend : - Etude de votre pilotage en dynamique et en statique - Echauffement avant la premi\u00e8re s\u00e9ance du matin et celle de l\u2019apr\u00e8s-midi - Briefing et D\u00e9briefing avant et apr\u00e8s chaque s\u00e9ance - Plan du circuit d\u00e9taill\u00e9 avec les rep\u00e8res (trajectoire, frein, point de corde, point de sortie\u2026) - Suivi en dynamique avec une Gopro vue sur l\u2019avant ou l\u2019arri\u00e8re - Corrections individuelles avec les donn\u00e9es visuelles des vid\u00e9os - Conseils personnalis\u00e9s avec les plans de circuit - Conseils en dynamique avec les rep\u00e8res de trajectoire - Mise en place de rep\u00e8res sur la piste La formule coaching comprend \u00e9galement : - Une place dans la tonnelle avec un tapis environnemental (Si le participant n\u2019a pas pris de box) - Mise en place sur demande (B\u00e9quilles, couverture chauffant, manom\u00e8tre de pression, pi\u00e8ce de chute ou consommable) - Petit-d\u00e9jeuner le matin - Des collations la journ\u00e9e - Autocollant offert YTS Possibilit\u00e9 de prendre plusieurs formules selon la demande et l\u2019envie du client, le prix sera en fonction des formules prise Attention aux conditions d\u2019inscription\u00a0! Pour participer, une fois votre inscription faite, vous devrez obligatoirement\u00a0: Disposer d\u2019une moto \u00e9quip\u00e9e d\u2019un \u00e9chappement conforme (plus d\u2019informations sur le bruit maximal autoris\u00e9 dans l\u2019onglet \u00ab\u00a0INFOS\u00a0\u00bb) Disposer d\u2019une assurance circuit (une licence FFM, ou un Pass Circuit FFM pour les non licenci\u00e9s) pour la journ\u00e9e (plus d\u2019informations sur les assurances FFM dans l\u2019onglet \u00ab INFOS \u00bb) Disposer de l'\u00e9quipement complet (combinaison une pi\u00e8ce en cuir avec dorsale, gants, bottines et casque) une tol\u00e9rance est possible pour les \u00e9quipements deux pi\u00e8ces en cuir avec dorsale sous r\u00e9serve d'acceptation du chef de piste (v\u00e9rification des fermetures)\",\"breadcrumb\":{\"@id\":\"https:\/\/www.anneau-du-rhin.com\/moto\/produit\/coaching\/#breadcrumb\"},\"inLanguage\":\"fr-FR\",\"potentialAction\":[{\"@type\":\"ReadAction\",\"target\":[\"https:\/\/www.anneau-du-rhin.com\/moto\/produit\/coaching\/\"]}]},{\"@type\":\"BreadcrumbList\",\"@id\":\"https:\/\/www.anneau-du-rhin.com\/moto\/produit\/coaching\/#breadcrumb\",\"itemListElement\":[{\"@type\":\"ListItem\",\"position\":1,\"name\":\"Accueil\",\"item\":\"https:\/\/www.anneau-du-rhin.com\/moto\/\"},{\"@type\":\"ListItem\",\"position\":2,\"name\":\"Shop\",\"item\":\"https:\/\/www.anneau-du-rhin.com\/moto\/shop\/\"},{\"@type\":\"ListItem\",\"position\":3,\"name\":\"Coaching\"}]},{\"@type\":\"WebSite\",\"@id\":\"https:\/\/www.anneau-du-rhin.com\/moto\/#website\",\"url\":\"https:\/\/www.anneau-du-rhin.com\/moto\/\",\"name\":\"Moto Club de Biltzheim\",\"description\":\"Moto Club de Biltzheim\",\"potentialAction\":[{\"@type\":\"SearchAction\",\"target\":{\"@type\":\"EntryPoint\",\"urlTemplate\":\"https:\/\/www.anneau-du-rhin.com\/moto\/?s={search_term_string}\"},\"query-input\":\"required name=search_term_string\"}],\"inLanguage\":\"fr-FR\"}]}<\/script>\n<!-- \/ Yoast SEO plugin. -->","yoast_head_json":{"title":"Coaching &mdash; Moto Club de Biltzheim","description":"Une journ\u00e9e type comprend : - Etude de votre pilotage en dynamique et en statique - Echauffement avant la premi\u00e8re s\u00e9ance du matin et celle de l\u2019apr\u00e8s-midi - Briefing et D\u00e9briefing avant et apr\u00e8s chaque s\u00e9ance - Plan du circuit d\u00e9taill\u00e9 avec les rep\u00e8res (trajectoire, frein, point de corde, point de sortie\u2026) - Suivi en dynamique avec une Gopro vue sur l\u2019avant ou l\u2019arri\u00e8re - Corrections individuelles avec les donn\u00e9es visuelles des vid\u00e9os - Conseils personnalis\u00e9s avec les plans de circuit - Conseils en dynamique avec les rep\u00e8res de trajectoire - Mise en place de rep\u00e8res sur la piste  La formule coaching comprend \u00e9galement : - Une place dans la tonnelle avec un tapis environnemental (Si le participant n\u2019a pas pris de box) - Mise en place sur demande (B\u00e9quilles, couverture chauffant, manom\u00e8tre de pression, pi\u00e8ce de chute ou consommable) - Petit-d\u00e9jeuner le matin - Des collations la journ\u00e9e - Autocollant offert YTS  Possibilit\u00e9 de prendre plusieurs formules selon la demande et l\u2019envie du client, le prix sera en fonction des formules prise  Attention aux conditions d\u2019inscription\u00a0!  Pour participer, une fois votre inscription faite, vous devrez obligatoirement\u00a0:   Disposer d\u2019une moto \u00e9quip\u00e9e d\u2019un \u00e9chappement conforme (plus d\u2019informations sur le bruit maximal autoris\u00e9 dans l\u2019onglet \u00ab\u00a0INFOS\u00a0\u00bb)  Disposer d\u2019une assurance circuit (une licence FFM, ou un Pass Circuit FFM pour les non licenci\u00e9s) pour la journ\u00e9e (plus d\u2019informations sur les assurances FFM dans l\u2019onglet \u00ab INFOS \u00bb)  Disposer de l'\u00e9quipement complet (combinaison une pi\u00e8ce en cuir avec dorsale, gants, bottines et casque) une tol\u00e9rance est possible pour les \u00e9quipements deux pi\u00e8ces en cuir avec dorsale sous r\u00e9serve d'acceptation du chef de piste (v\u00e9rification des fermetures)","robots":{"index":"index","follow":"follow","max-snippet":"max-snippet:-1","max-image-preview":"max-image-preview:large","max-video-preview":"max-video-preview:-1"},"canonical":"https:\/\/www.anneau-du-rhin.com\/moto\/produit\/coaching\/","og_locale":"fr_FR","og_type":"article","og_title":"Coaching &mdash; Moto Club de Biltzheim","og_description":"Une journ\u00e9e type comprend : - Etude de votre pilotage en dynamique et en statique - Echauffement avant la premi\u00e8re s\u00e9ance du matin et celle de l\u2019apr\u00e8s-midi - Briefing et D\u00e9briefing avant et apr\u00e8s chaque s\u00e9ance - Plan du circuit d\u00e9taill\u00e9 avec les rep\u00e8res (trajectoire, frein, point de corde, point de sortie\u2026) - Suivi en dynamique avec une Gopro vue sur l\u2019avant ou l\u2019arri\u00e8re - Corrections individuelles avec les donn\u00e9es visuelles des vid\u00e9os - Conseils personnalis\u00e9s avec les plans de circuit - Conseils en dynamique avec les rep\u00e8res de trajectoire - Mise en place de rep\u00e8res sur la piste  La formule coaching comprend \u00e9galement : - Une place dans la tonnelle avec un tapis environnemental (Si le participant n\u2019a pas pris de box) - Mise en place sur demande (B\u00e9quilles, couverture chauffant, manom\u00e8tre de pression, pi\u00e8ce de chute ou consommable) - Petit-d\u00e9jeuner le matin - Des collations la journ\u00e9e - Autocollant offert YTS  Possibilit\u00e9 de prendre plusieurs formules selon la demande et l\u2019envie du client, le prix sera en fonction des formules prise  Attention aux conditions d\u2019inscription\u00a0!  Pour participer, une fois votre inscription faite, vous devrez obligatoirement\u00a0:   Disposer d\u2019une moto \u00e9quip\u00e9e d\u2019un \u00e9chappement conforme (plus d\u2019informations sur le bruit maximal autoris\u00e9 dans l\u2019onglet \u00ab\u00a0INFOS\u00a0\u00bb)  Disposer d\u2019une assurance circuit (une licence FFM, ou un Pass Circuit FFM pour les non licenci\u00e9s) pour la journ\u00e9e (plus d\u2019informations sur les assurances FFM dans l\u2019onglet \u00ab INFOS \u00bb)  Disposer de l'\u00e9quipement complet (combinaison une pi\u00e8ce en cuir avec dorsale, gants, bottines et casque) une tol\u00e9rance est possible pour les \u00e9quipements deux pi\u00e8ces en cuir avec dorsale sous r\u00e9serve d'acceptation du chef de piste (v\u00e9rification des fermetures)","og_url":"https:\/\/www.anneau-du-rhin.com\/moto\/produit\/coaching\/","og_site_name":"Moto Club de Biltzheim","article_modified_time":"2025-09-10T15:17:09+00:00","og_image":[{"width":768,"height":1024,"url":"https:\/\/www.anneau-du-rhin.com\/moto\/wp-content\/uploads\/2022\/02\/31380543-015c-4821-919d-467b285bced1.jpeg","type":"image\/jpeg"}],"twitter_card":"summary_large_image","twitter_misc":{"Dur\u00e9e de lecture estim\u00e9e":"1 minute"},"schema":{"@context":"https:\/\/schema.org","@graph":[{"@type":"WebPage","@id":"https:\/\/www.anneau-du-rhin.com\/moto\/produit\/coaching\/","url":"https:\/\/www.anneau-du-rhin.com\/moto\/produit\/coaching\/","name":"Coaching &mdash; Moto Club de Biltzheim","isPartOf":{"@id":"https:\/\/www.anneau-du-rhin.com\/moto\/#website"},"datePublished":"2022-02-03T13:52:06+00:00","dateModified":"2025-09-10T15:17:09+00:00","description":"Une journ\u00e9e type comprend : - Etude de votre pilotage en dynamique et en statique - Echauffement avant la premi\u00e8re s\u00e9ance du matin et celle de l\u2019apr\u00e8s-midi - Briefing et D\u00e9briefing avant et apr\u00e8s chaque s\u00e9ance - Plan du circuit d\u00e9taill\u00e9 avec les rep\u00e8res (trajectoire, frein, point de corde, point de sortie\u2026) - Suivi en dynamique avec une Gopro vue sur l\u2019avant ou l\u2019arri\u00e8re - Corrections individuelles avec les donn\u00e9es visuelles des vid\u00e9os - Conseils personnalis\u00e9s avec les plans de circuit - Conseils en dynamique avec les rep\u00e8res de trajectoire - Mise en place de rep\u00e8res sur la piste La formule coaching comprend \u00e9galement : - Une place dans la tonnelle avec un tapis environnemental (Si le participant n\u2019a pas pris de box) - Mise en place sur demande (B\u00e9quilles, couverture chauffant, manom\u00e8tre de pression, pi\u00e8ce de chute ou consommable) - Petit-d\u00e9jeuner le matin - Des collations la journ\u00e9e - Autocollant offert YTS Possibilit\u00e9 de prendre plusieurs formules selon la demande et l\u2019envie du client, le prix sera en fonction des formules prise Attention aux conditions d\u2019inscription\u00a0! Pour participer, une fois votre inscription faite, vous devrez obligatoirement\u00a0: Disposer d\u2019une moto \u00e9quip\u00e9e d\u2019un \u00e9chappement conforme (plus d\u2019informations sur le bruit maximal autoris\u00e9 dans l\u2019onglet \u00ab\u00a0INFOS\u00a0\u00bb) Disposer d\u2019une assurance circuit (une licence FFM, ou un Pass Circuit FFM pour les non licenci\u00e9s) pour la journ\u00e9e (plus d\u2019informations sur les assurances FFM dans l\u2019onglet \u00ab INFOS \u00bb) Disposer de l'\u00e9quipement complet (combinaison une pi\u00e8ce en cuir avec dorsale, gants, bottines et casque) une tol\u00e9rance est possible pour les \u00e9quipements deux pi\u00e8ces en cuir avec dorsale sous r\u00e9serve d'acceptation du chef de piste (v\u00e9rification des fermetures)","breadcrumb":{"@id":"https:\/\/www.anneau-du-rhin.com\/moto\/produit\/coaching\/#breadcrumb"},"inLanguage":"fr-FR","potentialAction":[{"@type":"ReadAction","target":["https:\/\/www.anneau-du-rhin.com\/moto\/produit\/coaching\/"]}]},{"@type":"BreadcrumbList","@id":"https:\/\/www.anneau-du-rhin.com\/moto\/produit\/coaching\/#breadcrumb","itemListElement":[{"@type":"ListItem","position":1,"name":"Accueil","item":"https:\/\/www.anneau-du-rhin.com\/moto\/"},{"@type":"ListItem","position":2,"name":"Shop","item":"https:\/\/www.anneau-du-rhin.com\/moto\/shop\/"},{"@type":"ListItem","position":3,"name":"Coaching"}]},{"@type":"WebSite","@id":"https:\/\/www.anneau-du-rhin.com\/moto\/#website","url":"https:\/\/www.anneau-du-rhin.com\/moto\/","name":"Moto Club de Biltzheim","description":"Moto Club de Biltzheim","potentialAction":[{"@type":"SearchAction","target":{"@type":"EntryPoint","urlTemplate":"https:\/\/www.anneau-du-rhin.com\/moto\/?s={search_term_string}"},"query-input":"required name=search_term_string"}],"inLanguage":"fr-FR"}]}},"_links":{"self":[{"href":"https:\/\/www.anneau-du-rhin.com\/moto\/wp-json\/wp\/v2\/product\/123042"}],"collection":[{"href":"https:\/\/www.anneau-du-rhin.com\/moto\/wp-json\/wp\/v2\/product"}],"about":[{"href":"https:\/\/www.anneau-du-rhin.com\/moto\/wp-json\/wp\/v2\/types\/product"}],"wp:featuredmedia":[{"embeddable":true,"href":"https:\/\/www.anneau-du-rhin.com\/moto\/wp-json\/wp\/v2\/media\/124723"}],"wp:attachment":[{"href":"https:\/\/www.anneau-du-rhin.com\/moto\/wp-json\/wp\/v2\/media?parent=123042"}],"wp:term":[{"taxonomy":"product_cat","embeddable":true,"href":"https:\/\/www.anneau-du-rhin.com\/moto\/wp-json\/wp\/v2\/product_cat?post=123042"},{"taxonomy":"product_tag","embeddable":true,"href":"https:\/\/www.anneau-du-rhin.com\/moto\/wp-json\/wp\/v2\/product_tag?post=123042"}],"curies":[{"name":"wp","href":"https:\/\/api.w.org\/{rel}","templated":true}]}}