{"id":125419,"date":"2024-11-19T14:20:09","date_gmt":"2024-11-19T13:20:09","guid":{"rendered":"https:\/\/www.anneau-du-rhin.com\/moto\/?page_id=125419"},"modified":"2024-11-19T15:37:20","modified_gmt":"2024-11-19T14:37:20","slug":"125419-2","status":"publish","type":"page","link":"https:\/\/www.anneau-du-rhin.com\/moto\/125419-2\/","title":{"rendered":"30 &#8211; 31\/08 Superbike FSBK"},"content":{"rendered":"<p style=\"text-align: center;\"><em><b>RENDEZ-VOUS LES\u00a0 29, 30 et 31 ao\u00fbt 2025<\/b><\/em><\/p>\n<p style=\"text-align: center;\"><em><strong>Pour plus d\u2019informations : <a href=\"https:\/\/www.fsbk.fr\/\" target=\"_blank\" rel=\"noopener\">FSBK<\/a><\/strong><\/em><\/p>\n<p style=\"text-align: center;\">La 6\u00e8me \u00e9preuve du FSBK 2025 sera cette ann\u00e9e sur le\u00a0<span class=\"html-span xdj266r x11i5rnm xat24cr x1mh8g0r xexx8yu x4uap5 x18d9i69 xkhd6sd x1hl2dhg x16tdsg8 x1vvkbs\"><a class=\"x1i10hfl xjbqb8w x1ejq31n xd10rxx x1sy0etr x17r0tee x972fbf xcfux6l x1qhh985 xm0m39n x9f619 x1ypdohk xt0psk2 xe8uvvx xdj266r x11i5rnm xat24cr x1mh8g0r xexx8yu x4uap5 x18d9i69 xkhd6sd x16tdsg8 x1hl2dhg xggy1nq x1a2a7pz x1sur9pj xkrqix3 x1fey0fg x1s688f\" tabindex=\"0\" role=\"link\" href=\"https:\/\/www.facebook.com\/anneaudurhin?__cft__[0]=AZUpVeQ67pLDjdaBTIANt3HP8RcgTXOMKqr2iDFVpi8Dv_dAPidpzUa9wJTJJ-P0pCiPMBe4PnOIj2b4_wQ22aOaqyGEMr9vxQ_Vqz7pjxgDCZv0NrDPn_IVdOOQee3rV9LVS2iosWF4fR5bvggqa25VK4axvInAfTrr85gJ_Uuzm0uuroTmHkl7Y_Em2eVzyMQ&amp;__tn__=-]K-R\"><span class=\"xt0psk2\">Circuit de l\u2019Anneau du Rhin<\/span><\/a><\/span>\u00a0!<\/p>\n<p style=\"text-align: center;\">On a plus que h\u00e2te de vous accueillir !<\/p>\n<p><img decoding=\"async\" loading=\"lazy\" class=\"aligncenter wp-image-125431 \" src=\"https:\/\/www.anneau-du-rhin.com\/moto\/wp-content\/uploads\/2024\/11\/465697654_953698853463350_1858264462263368118_n-1024x1024.jpg\" alt=\"\" width=\"786\" height=\"878\" \/><\/p>\n","protected":false},"excerpt":{"rendered":"<p>RENDEZ-VOUS LES\u00a0 29, 30 et 31 ao\u00fbt 2025 Pour plus d\u2019informations : FSBK La 6\u00e8me \u00e9preuve du FSBK 2025 sera cette ann\u00e9e sur le\u00a0Circuit de l\u2019Anneau du Rhin\u00a0! On a plus que h\u00e2te de vous accueillir !<\/p>\n","protected":false},"author":2,"featured_media":0,"parent":0,"menu_order":0,"comment_status":"closed","ping_status":"closed","template":"","meta":[],"acf":[],"yoast_head":"<!-- This site is optimized with the Yoast SEO plugin v20.2 - https:\/\/yoast.com\/wordpress\/plugins\/seo\/ -->\n<title>30 - 31\/08 Superbike FSBK &mdash; Moto Club de Biltzheim<\/title>\n<meta name=\"description\" content=\"RENDEZ-VOUS LES\u00a0 29, 30 et 31 ao\u00fbt 2025 Pour plus d\u2019informations : FSBK La 6\u00e8me \u00e9preuve du FSBK 2025 sera cette ann\u00e9e sur le\u00a0Circuit de l\u2019Anneau du Rhin\u00a0!\" \/>\n<meta name=\"robots\" content=\"index, follow, max-snippet:-1, max-image-preview:large, max-video-preview:-1\" \/>\n<link rel=\"canonical\" href=\"https:\/\/www.anneau-du-rhin.com\/moto\/125419-2\/\" \/>\n<meta property=\"og:locale\" content=\"fr_FR\" \/>\n<meta property=\"og:type\" content=\"article\" \/>\n<meta property=\"og:title\" content=\"30 - 31\/08 Superbike FSBK &mdash; Moto Club de Biltzheim\" \/>\n<meta property=\"og:description\" content=\"RENDEZ-VOUS LES\u00a0 29, 30 et 31 ao\u00fbt 2025 Pour plus d\u2019informations : FSBK La 6\u00e8me \u00e9preuve du FSBK 2025 sera cette ann\u00e9e sur le\u00a0Circuit de l\u2019Anneau du Rhin\u00a0!\" \/>\n<meta property=\"og:url\" content=\"https:\/\/www.anneau-du-rhin.com\/moto\/125419-2\/\" \/>\n<meta property=\"og:site_name\" content=\"Moto Club de Biltzheim\" \/>\n<meta property=\"article:modified_time\" content=\"2024-11-19T14:37:20+00:00\" \/>\n<meta property=\"og:image\" content=\"https:\/\/www.anneau-du-rhin.com\/moto\/wp-content\/uploads\/2024\/11\/465697654_953698853463350_1858264462263368118_n-1024x1024.jpg\" \/>\n<meta name=\"twitter:card\" content=\"summary_large_image\" \/>\n<meta name=\"twitter:label1\" content=\"Dur\u00e9e de lecture estim\u00e9e\" \/>\n\t<meta name=\"twitter:data1\" content=\"1 minute\" \/>\n<script type=\"application\/ld+json\" class=\"yoast-schema-graph\">{\"@context\":\"https:\/\/schema.org\",\"@graph\":[{\"@type\":\"WebPage\",\"@id\":\"https:\/\/www.anneau-du-rhin.com\/moto\/125419-2\/\",\"url\":\"https:\/\/www.anneau-du-rhin.com\/moto\/125419-2\/\",\"name\":\"30 - 31\/08 Superbike FSBK &mdash; Moto Club de Biltzheim\",\"isPartOf\":{\"@id\":\"https:\/\/www.anneau-du-rhin.com\/moto\/#website\"},\"datePublished\":\"2024-11-19T13:20:09+00:00\",\"dateModified\":\"2024-11-19T14:37:20+00:00\",\"description\":\"RENDEZ-VOUS LES\u00a0 29, 30 et 31 ao\u00fbt 2025 Pour plus d\u2019informations : FSBK La 6\u00e8me \u00e9preuve du FSBK 2025 sera cette ann\u00e9e sur le\u00a0Circuit de l\u2019Anneau du Rhin\u00a0!\",\"breadcrumb\":{\"@id\":\"https:\/\/www.anneau-du-rhin.com\/moto\/125419-2\/#breadcrumb\"},\"inLanguage\":\"fr-FR\",\"potentialAction\":[{\"@type\":\"ReadAction\",\"target\":[\"https:\/\/www.anneau-du-rhin.com\/moto\/125419-2\/\"]}]},{\"@type\":\"BreadcrumbList\",\"@id\":\"https:\/\/www.anneau-du-rhin.com\/moto\/125419-2\/#breadcrumb\",\"itemListElement\":[{\"@type\":\"ListItem\",\"position\":1,\"name\":\"Accueil\",\"item\":\"https:\/\/www.anneau-du-rhin.com\/moto\/\"},{\"@type\":\"ListItem\",\"position\":2,\"name\":\"30 &#8211; 31\/08 Superbike FSBK\"}]},{\"@type\":\"WebSite\",\"@id\":\"https:\/\/www.anneau-du-rhin.com\/moto\/#website\",\"url\":\"https:\/\/www.anneau-du-rhin.com\/moto\/\",\"name\":\"Moto Club de Biltzheim\",\"description\":\"Moto Club de Biltzheim\",\"potentialAction\":[{\"@type\":\"SearchAction\",\"target\":{\"@type\":\"EntryPoint\",\"urlTemplate\":\"https:\/\/www.anneau-du-rhin.com\/moto\/?s={search_term_string}\"},\"query-input\":\"required name=search_term_string\"}],\"inLanguage\":\"fr-FR\"}]}<\/script>\n<!-- \/ Yoast SEO plugin. -->","yoast_head_json":{"title":"30 - 31\/08 Superbike FSBK &mdash; Moto Club de Biltzheim","description":"RENDEZ-VOUS LES\u00a0 29, 30 et 31 ao\u00fbt 2025 Pour plus d\u2019informations : FSBK La 6\u00e8me \u00e9preuve du FSBK 2025 sera cette ann\u00e9e sur le\u00a0Circuit de l\u2019Anneau du Rhin\u00a0!","robots":{"index":"index","follow":"follow","max-snippet":"max-snippet:-1","max-image-preview":"max-image-preview:large","max-video-preview":"max-video-preview:-1"},"canonical":"https:\/\/www.anneau-du-rhin.com\/moto\/125419-2\/","og_locale":"fr_FR","og_type":"article","og_title":"30 - 31\/08 Superbike FSBK &mdash; Moto Club de Biltzheim","og_description":"RENDEZ-VOUS LES\u00a0 29, 30 et 31 ao\u00fbt 2025 Pour plus d\u2019informations : FSBK La 6\u00e8me \u00e9preuve du FSBK 2025 sera cette ann\u00e9e sur le\u00a0Circuit de l\u2019Anneau du Rhin\u00a0!","og_url":"https:\/\/www.anneau-du-rhin.com\/moto\/125419-2\/","og_site_name":"Moto Club de Biltzheim","article_modified_time":"2024-11-19T14:37:20+00:00","og_image":[{"url":"https:\/\/www.anneau-du-rhin.com\/moto\/wp-content\/uploads\/2024\/11\/465697654_953698853463350_1858264462263368118_n-1024x1024.jpg"}],"twitter_card":"summary_large_image","twitter_misc":{"Dur\u00e9e de lecture estim\u00e9e":"1 minute"},"schema":{"@context":"https:\/\/schema.org","@graph":[{"@type":"WebPage","@id":"https:\/\/www.anneau-du-rhin.com\/moto\/125419-2\/","url":"https:\/\/www.anneau-du-rhin.com\/moto\/125419-2\/","name":"30 - 31\/08 Superbike FSBK &mdash; Moto Club de Biltzheim","isPartOf":{"@id":"https:\/\/www.anneau-du-rhin.com\/moto\/#website"},"datePublished":"2024-11-19T13:20:09+00:00","dateModified":"2024-11-19T14:37:20+00:00","description":"RENDEZ-VOUS LES\u00a0 29, 30 et 31 ao\u00fbt 2025 Pour plus d\u2019informations : FSBK La 6\u00e8me \u00e9preuve du FSBK 2025 sera cette ann\u00e9e sur le\u00a0Circuit de l\u2019Anneau du Rhin\u00a0!","breadcrumb":{"@id":"https:\/\/www.anneau-du-rhin.com\/moto\/125419-2\/#breadcrumb"},"inLanguage":"fr-FR","potentialAction":[{"@type":"ReadAction","target":["https:\/\/www.anneau-du-rhin.com\/moto\/125419-2\/"]}]},{"@type":"BreadcrumbList","@id":"https:\/\/www.anneau-du-rhin.com\/moto\/125419-2\/#breadcrumb","itemListElement":[{"@type":"ListItem","position":1,"name":"Accueil","item":"https:\/\/www.anneau-du-rhin.com\/moto\/"},{"@type":"ListItem","position":2,"name":"30 &#8211; 31\/08 Superbike FSBK"}]},{"@type":"WebSite","@id":"https:\/\/www.anneau-du-rhin.com\/moto\/#website","url":"https:\/\/www.anneau-du-rhin.com\/moto\/","name":"Moto Club de Biltzheim","description":"Moto Club de Biltzheim","potentialAction":[{"@type":"SearchAction","target":{"@type":"EntryPoint","urlTemplate":"https:\/\/www.anneau-du-rhin.com\/moto\/?s={search_term_string}"},"query-input":"required name=search_term_string"}],"inLanguage":"fr-FR"}]}},"_links":{"self":[{"href":"https:\/\/www.anneau-du-rhin.com\/moto\/wp-json\/wp\/v2\/pages\/125419"}],"collection":[{"href":"https:\/\/www.anneau-du-rhin.com\/moto\/wp-json\/wp\/v2\/pages"}],"about":[{"href":"https:\/\/www.anneau-du-rhin.com\/moto\/wp-json\/wp\/v2\/types\/page"}],"author":[{"embeddable":true,"href":"https:\/\/www.anneau-du-rhin.com\/moto\/wp-json\/wp\/v2\/users\/2"}],"replies":[{"embeddable":true,"href":"https:\/\/www.anneau-du-rhin.com\/moto\/wp-json\/wp\/v2\/comments?post=125419"}],"version-history":[{"count":6,"href":"https:\/\/www.anneau-du-rhin.com\/moto\/wp-json\/wp\/v2\/pages\/125419\/revisions"}],"predecessor-version":[{"id":125423,"href":"https:\/\/www.anneau-du-rhin.com\/moto\/wp-json\/wp\/v2\/pages\/125419\/revisions\/125423"}],"wp:attachment":[{"href":"https:\/\/www.anneau-du-rhin.com\/moto\/wp-json\/wp\/v2\/media?parent=125419"}],"curies":[{"name":"wp","href":"https:\/\/api.w.org\/{rel}","templated":true}]}}