{"id":122413,"date":"2021-12-01T20:40:59","date_gmt":"2021-12-01T19:40:59","guid":{"rendered":"https:\/\/www.anneau-du-rhin.com\/moto\/?page_id=122413"},"modified":"2022-02-15T15:08:14","modified_gmt":"2022-02-15T14:08:14","slug":"journee-de-la-femme","status":"publish","type":"page","link":"https:\/\/www.anneau-du-rhin.com\/moto\/activites\/journee-de-la-femme\/","title":{"rendered":"Journ\u00e9e de la Femme"},"content":{"rendered":"\r\n<p>&nbsp;<\/p>\r\n\r\n\r\n\r\n<figure class=\"wp-block-image size-large is-resized\"><img decoding=\"async\" loading=\"lazy\" class=\" wp-image-122623 aligncenter\" src=\"https:\/\/www.anneau-du-rhin.com\/moto\/wp-content\/uploads\/2021\/12\/158803722_10158509564072862_7686702508851448040_n-1-300x233.jpg\" alt=\"\" width=\"375\" height=\"285\" \/><\/figure>\r\n\r\n\r\n\r\n<p>Quelle meilleure fa\u00e7on de commencer la saison que de c\u00e9l\u00e9brer les femmes passionn\u00e9es de moto ! A l\u2019occasion de la Journ\u00e9e Internationale des Droits des Femmes (chaque ann\u00e9e le 8 mars), nous avons d\u00e9cid\u00e9 de les mettre en valeur \u00e0 travers une soir\u00e9e sp\u00e9ciale. A l\u2019occasion de ce premier After Work de l\u2019ann\u00e9e, la piste sera exclusivement r\u00e9serv\u00e9e aux femmes. Aucun homme ne sera tol\u00e9r\u00e9 sur la piste, uniquement au paddock, afin d\u2019assister nos h\u00e9ro\u00efnes du jour. Et pour l\u2019occasion, l\u2019inscription pour les femmes sera \u2026 gratuite !<\/p>\r\n\r\n\r\n\r\n<p>Une soir\u00e9e circuit gratuite, uniquement pour vous, Mesdames : n\u2019h\u00e9sitez plus et inscrivez-vous sur notre ongle d\u00e9di\u00e9 \u00a0:<em><strong><a href=\"https:\/\/www.anneau-du-rhin.com\/moto\/produit\/122511\/\" target=\"_blank\" rel=\"noopener\">Inscriptions\u00a0<\/a><\/strong><\/em><\/p>\r\n<p><strong>Conditions :<\/strong><\/p>\r\n<p><em><strong><span class=\"has-inline-color has-vivid-red-color\">\u27a1 hommes strictement interdits au guidon<\/span><\/strong><\/em><\/p>\r\n<p>\u27a1 session sur le circuit 3 km<\/p>\r\n<p>\u27a1 \u00eatre titulaire du permis de conduire en cours de validit\u00e9<\/p>\r\n<p>\u27a1 session limit\u00e9e \u00e0 30 participantes maximum<\/p>\r\n<p>\u27a1 accueil administratif \u00e0 partir de 14h30<\/p>\r\n<p>\u27a1 briefing obligatoire<\/p>\r\n<p>\u27a1 30min de roulage \/ session<\/p>\r\n<p>\u27a1 open pit-lane<\/p>\r\n<p>\u27a1<strong><em> <span class=\"has-inline-color has-vivid-red-color\">\u26a0 interdit aux femmes enceintes ou pr\u00e9sentant des probl\u00e8mes cardiaques<\/span><\/em><\/strong><\/p>\r\n\r\n\r\n\r\n<p><strong><span class=\"has-inline-color has-vivid-red-color\">Attention aux conditions d\u2019inscription !\u00a0<\/span><\/strong><\/p>\r\n\r\n\r\n\r\n<p>Pour participer, une fois votre inscription faite, vous devrez obligatoirement\u00a0:<\/p>\r\n\r\n\r\n\r\n<ul>\r\n<li>Disposer d\u2019une moto \u00e9quip\u00e9e d\u2019un \u00e9chappement conforme (plus d\u2019informations sur le bruit maximal autoris\u00e9 dans l\u2019onglet \u00ab\u00a0INFOS\u00a0\u00bb)<\/li>\r\n<li>Disposer d\u2019une assurance circuit (une licence FFM, ou un Pass Circuit FFM pour le non licenci\u00e9s) pour la journ\u00e9e (plus d\u2019informations sur les assurances FFM dans l\u2019onglet \u00ab\u00a0INFOS\u00a0\u00bb)<\/li>\r\n<li>Pr\u00e9senter un <strong><span class=\"has-inline-color has-vivid-red-color\">Pass Vaccinal<\/span><\/strong> <em><strong>,<\/strong><\/em> obligatoire tant que le gouvernement fran\u00e7ais impose cette mesure sanitaire (plus d\u2019informations sur le Pass Sanitaire dans l\u2019onglet \u00ab INFOS \u00bb)<\/li>\r\n<li>Remplir et pr\u00e9senter le document \u00e9lectronique \u00ab\u00a0Formulaire de d\u00e9charge\u00a0\u00bb de l\u2019Anneau du Rhin (plus d\u2019informations sur le \u00ab\u00a0Formulaire de d\u00e9charge\u00a0\u00bb dans l\u2019onglet \u00ab\u00a0INFOS\u00a0\u00bb)<\/li>\r\n<\/ul>\r\n","protected":false},"excerpt":{"rendered":"<p>&nbsp; Quelle meilleure fa\u00e7on de commencer la saison que de c\u00e9l\u00e9brer les femmes passionn\u00e9es de moto ! A l\u2019occasion de la Journ\u00e9e Internationale des Droits des Femmes (chaque ann\u00e9e le 8 mars), nous avons d\u00e9cid\u00e9 de les mettre en valeur \u00e0 travers une soir\u00e9e sp\u00e9ciale. A l\u2019occasion de ce premier After Work de l\u2019ann\u00e9e, la [&hellip;]<\/p>\n","protected":false},"author":2,"featured_media":0,"parent":122318,"menu_order":0,"comment_status":"closed","ping_status":"closed","template":"","meta":[],"acf":[],"yoast_head":"<!-- This site is optimized with the Yoast SEO plugin v20.2 - https:\/\/yoast.com\/wordpress\/plugins\/seo\/ -->\n<title>Journ\u00e9e de la Femme &mdash; Moto Club de Biltzheim<\/title>\n<meta name=\"description\" content=\"&nbsp; Quelle meilleure fa\u00e7on de commencer la saison que de c\u00e9l\u00e9brer les femmes passionn\u00e9es de moto ! A l\u2019occasion de la Journ\u00e9e Internationale des Droits\" \/>\n<meta name=\"robots\" content=\"index, follow, max-snippet:-1, max-image-preview:large, max-video-preview:-1\" \/>\n<link rel=\"canonical\" href=\"https:\/\/www.anneau-du-rhin.com\/moto\/activites\/journee-de-la-femme\/\" \/>\n<meta property=\"og:locale\" content=\"fr_FR\" \/>\n<meta property=\"og:type\" content=\"article\" \/>\n<meta property=\"og:title\" content=\"Journ\u00e9e de la Femme &mdash; Moto Club de Biltzheim\" \/>\n<meta property=\"og:description\" content=\"&nbsp; Quelle meilleure fa\u00e7on de commencer la saison que de c\u00e9l\u00e9brer les femmes passionn\u00e9es de moto ! A l\u2019occasion de la Journ\u00e9e Internationale des Droits\" \/>\n<meta property=\"og:url\" content=\"https:\/\/www.anneau-du-rhin.com\/moto\/activites\/journee-de-la-femme\/\" \/>\n<meta property=\"og:site_name\" content=\"Moto Club de Biltzheim\" \/>\n<meta property=\"article:modified_time\" content=\"2022-02-15T14:08:14+00:00\" \/>\n<meta property=\"og:image\" content=\"https:\/\/www.anneau-du-rhin.com\/moto\/wp-content\/uploads\/2021\/12\/158803722_10158509564072862_7686702508851448040_n-1-300x233.jpg\" \/>\n<meta name=\"twitter:card\" content=\"summary_large_image\" \/>\n<meta name=\"twitter:label1\" content=\"Dur\u00e9e de lecture estim\u00e9e\" \/>\n\t<meta name=\"twitter:data1\" content=\"2 minutes\" \/>\n<script type=\"application\/ld+json\" class=\"yoast-schema-graph\">{\"@context\":\"https:\/\/schema.org\",\"@graph\":[{\"@type\":\"WebPage\",\"@id\":\"https:\/\/www.anneau-du-rhin.com\/moto\/activites\/journee-de-la-femme\/\",\"url\":\"https:\/\/www.anneau-du-rhin.com\/moto\/activites\/journee-de-la-femme\/\",\"name\":\"Journ\u00e9e de la Femme &mdash; Moto Club de Biltzheim\",\"isPartOf\":{\"@id\":\"https:\/\/www.anneau-du-rhin.com\/moto\/#website\"},\"datePublished\":\"2021-12-01T19:40:59+00:00\",\"dateModified\":\"2022-02-15T14:08:14+00:00\",\"description\":\"&nbsp; Quelle meilleure fa\u00e7on de commencer la saison que de c\u00e9l\u00e9brer les femmes passionn\u00e9es de moto ! A l\u2019occasion de la Journ\u00e9e Internationale des Droits\",\"breadcrumb\":{\"@id\":\"https:\/\/www.anneau-du-rhin.com\/moto\/activites\/journee-de-la-femme\/#breadcrumb\"},\"inLanguage\":\"fr-FR\",\"potentialAction\":[{\"@type\":\"ReadAction\",\"target\":[\"https:\/\/www.anneau-du-rhin.com\/moto\/activites\/journee-de-la-femme\/\"]}]},{\"@type\":\"BreadcrumbList\",\"@id\":\"https:\/\/www.anneau-du-rhin.com\/moto\/activites\/journee-de-la-femme\/#breadcrumb\",\"itemListElement\":[{\"@type\":\"ListItem\",\"position\":1,\"name\":\"Accueil\",\"item\":\"https:\/\/www.anneau-du-rhin.com\/moto\/\"},{\"@type\":\"ListItem\",\"position\":2,\"name\":\"Activit\u00e9s\",\"item\":\"https:\/\/www.anneau-du-rhin.com\/moto\/activites\/\"},{\"@type\":\"ListItem\",\"position\":3,\"name\":\"Journ\u00e9e de la Femme\"}]},{\"@type\":\"WebSite\",\"@id\":\"https:\/\/www.anneau-du-rhin.com\/moto\/#website\",\"url\":\"https:\/\/www.anneau-du-rhin.com\/moto\/\",\"name\":\"Moto Club de Biltzheim\",\"description\":\"Moto Club de Biltzheim\",\"potentialAction\":[{\"@type\":\"SearchAction\",\"target\":{\"@type\":\"EntryPoint\",\"urlTemplate\":\"https:\/\/www.anneau-du-rhin.com\/moto\/?s={search_term_string}\"},\"query-input\":\"required name=search_term_string\"}],\"inLanguage\":\"fr-FR\"}]}<\/script>\n<!-- \/ Yoast SEO plugin. -->","yoast_head_json":{"title":"Journ\u00e9e de la Femme &mdash; Moto Club de Biltzheim","description":"&nbsp; Quelle meilleure fa\u00e7on de commencer la saison que de c\u00e9l\u00e9brer les femmes passionn\u00e9es de moto ! A l\u2019occasion de la Journ\u00e9e Internationale des Droits","robots":{"index":"index","follow":"follow","max-snippet":"max-snippet:-1","max-image-preview":"max-image-preview:large","max-video-preview":"max-video-preview:-1"},"canonical":"https:\/\/www.anneau-du-rhin.com\/moto\/activites\/journee-de-la-femme\/","og_locale":"fr_FR","og_type":"article","og_title":"Journ\u00e9e de la Femme &mdash; Moto Club de Biltzheim","og_description":"&nbsp; Quelle meilleure fa\u00e7on de commencer la saison que de c\u00e9l\u00e9brer les femmes passionn\u00e9es de moto ! A l\u2019occasion de la Journ\u00e9e Internationale des Droits","og_url":"https:\/\/www.anneau-du-rhin.com\/moto\/activites\/journee-de-la-femme\/","og_site_name":"Moto Club de Biltzheim","article_modified_time":"2022-02-15T14:08:14+00:00","og_image":[{"url":"https:\/\/www.anneau-du-rhin.com\/moto\/wp-content\/uploads\/2021\/12\/158803722_10158509564072862_7686702508851448040_n-1-300x233.jpg"}],"twitter_card":"summary_large_image","twitter_misc":{"Dur\u00e9e de lecture estim\u00e9e":"2 minutes"},"schema":{"@context":"https:\/\/schema.org","@graph":[{"@type":"WebPage","@id":"https:\/\/www.anneau-du-rhin.com\/moto\/activites\/journee-de-la-femme\/","url":"https:\/\/www.anneau-du-rhin.com\/moto\/activites\/journee-de-la-femme\/","name":"Journ\u00e9e de la Femme &mdash; Moto Club de Biltzheim","isPartOf":{"@id":"https:\/\/www.anneau-du-rhin.com\/moto\/#website"},"datePublished":"2021-12-01T19:40:59+00:00","dateModified":"2022-02-15T14:08:14+00:00","description":"&nbsp; Quelle meilleure fa\u00e7on de commencer la saison que de c\u00e9l\u00e9brer les femmes passionn\u00e9es de moto ! A l\u2019occasion de la Journ\u00e9e Internationale des Droits","breadcrumb":{"@id":"https:\/\/www.anneau-du-rhin.com\/moto\/activites\/journee-de-la-femme\/#breadcrumb"},"inLanguage":"fr-FR","potentialAction":[{"@type":"ReadAction","target":["https:\/\/www.anneau-du-rhin.com\/moto\/activites\/journee-de-la-femme\/"]}]},{"@type":"BreadcrumbList","@id":"https:\/\/www.anneau-du-rhin.com\/moto\/activites\/journee-de-la-femme\/#breadcrumb","itemListElement":[{"@type":"ListItem","position":1,"name":"Accueil","item":"https:\/\/www.anneau-du-rhin.com\/moto\/"},{"@type":"ListItem","position":2,"name":"Activit\u00e9s","item":"https:\/\/www.anneau-du-rhin.com\/moto\/activites\/"},{"@type":"ListItem","position":3,"name":"Journ\u00e9e de la Femme"}]},{"@type":"WebSite","@id":"https:\/\/www.anneau-du-rhin.com\/moto\/#website","url":"https:\/\/www.anneau-du-rhin.com\/moto\/","name":"Moto Club de Biltzheim","description":"Moto Club de Biltzheim","potentialAction":[{"@type":"SearchAction","target":{"@type":"EntryPoint","urlTemplate":"https:\/\/www.anneau-du-rhin.com\/moto\/?s={search_term_string}"},"query-input":"required name=search_term_string"}],"inLanguage":"fr-FR"}]}},"_links":{"self":[{"href":"https:\/\/www.anneau-du-rhin.com\/moto\/wp-json\/wp\/v2\/pages\/122413"}],"collection":[{"href":"https:\/\/www.anneau-du-rhin.com\/moto\/wp-json\/wp\/v2\/pages"}],"about":[{"href":"https:\/\/www.anneau-du-rhin.com\/moto\/wp-json\/wp\/v2\/types\/page"}],"author":[{"embeddable":true,"href":"https:\/\/www.anneau-du-rhin.com\/moto\/wp-json\/wp\/v2\/users\/2"}],"replies":[{"embeddable":true,"href":"https:\/\/www.anneau-du-rhin.com\/moto\/wp-json\/wp\/v2\/comments?post=122413"}],"version-history":[{"count":11,"href":"https:\/\/www.anneau-du-rhin.com\/moto\/wp-json\/wp\/v2\/pages\/122413\/revisions"}],"predecessor-version":[{"id":123305,"href":"https:\/\/www.anneau-du-rhin.com\/moto\/wp-json\/wp\/v2\/pages\/122413\/revisions\/123305"}],"up":[{"embeddable":true,"href":"https:\/\/www.anneau-du-rhin.com\/moto\/wp-json\/wp\/v2\/pages\/122318"}],"wp:attachment":[{"href":"https:\/\/www.anneau-du-rhin.com\/moto\/wp-json\/wp\/v2\/media?parent=122413"}],"curies":[{"name":"wp","href":"https:\/\/api.w.org\/{rel}","templated":true}]}}

Journée de la Femme

<p>&nbsp;</p>



<figure class="wp-block-image size-large is-resized"><img decoding="async" loading="lazy" class=" wp-image-122623 aligncenter" src="https://www.anneau-du-rhin.com/moto/wp-content/uploads/2021/12/158803722_10158509564072862_7686702508851448040_n-1-300x233.jpg" alt="" width="375" height="285" /></figure>



<p>Quelle meilleure façon de commencer la saison que de célébrer les femmes passionnées de moto ! A l’occasion de la Journée Internationale des Droits des Femmes (chaque année le 8 mars), nous avons décidé de les mettre en valeur à travers une soirée spéciale. A l’occasion de ce premier After Work de l’année, la piste sera exclusivement réservée aux femmes. Aucun homme ne sera toléré sur la piste, uniquement au paddock, afin d’assister nos héroïnes du jour. Et pour l’occasion, l’inscription pour les femmes sera … gratuite !</p>



<p>Une soirée circuit gratuite, uniquement pour vous, Mesdames : n’hésitez plus et inscrivez-vous sur notre ongle dédié  :<em><strong><a href="https://www.anneau-du-rhin.com/moto/produit/122511/" target="_blank" rel="noopener">Inscriptions </a></strong></em></p>
<p><strong>Conditions :</strong></p>
<p><em><strong><span class="has-inline-color has-vivid-red-color">➡ hommes strictement interdits au guidon</span></strong></em></p>
<p>➡ session sur le circuit 3 km</p>
<p>➡ être titulaire du permis de conduire en cours de validité</p>
<p>➡ session limitée à 30 participantes maximum</p>
<p>➡ accueil administratif à partir de 14h30</p>
<p>➡ briefing obligatoire</p>
<p>➡ 30min de roulage / session</p>
<p>➡ open pit-lane</p>
<p>➡<strong><em> <span class="has-inline-color has-vivid-red-color">⚠ interdit aux femmes enceintes ou présentant des problèmes cardiaques</span></em></strong></p>



<p><strong><span class="has-inline-color has-vivid-red-color">Attention aux conditions d’inscription ! </span></strong></p>



<p>Pour participer, une fois votre inscription faite, vous devrez obligatoirement :</p>



<ul>
<li>Disposer d’une moto équipée d’un échappement conforme (plus d’informations sur le bruit maximal autorisé dans l’onglet « INFOS »)</li>
<li>Disposer d’une assurance circuit (une licence FFM, ou un Pass Circuit FFM pour le non licenciés) pour la journée (plus d’informations sur les assurances FFM dans l’onglet « INFOS »)</li>
<li>Présenter un <strong><span class="has-inline-color has-vivid-red-color">Pass Vaccinal</span></strong> <em><strong>,</strong></em> obligatoire tant que le gouvernement français impose cette mesure sanitaire (plus d’informations sur le Pass Sanitaire dans l’onglet « INFOS »)</li>
<li>Remplir et présenter le document électronique « Formulaire de décharge » de l’Anneau du Rhin (plus d’informations sur le « Formulaire de décharge » dans l’onglet « INFOS »)</li>
</ul>

<p>&nbsp; Quelle meilleure façon de commencer la saison que de célébrer les femmes passionnées de moto ! A l’occasion de la Journée Internationale des Droits des Femmes (chaque année le 8 mars), nous avons décidé de les mettre en valeur à travers une soirée spéciale. A l’occasion de ce premier After Work de l’année, la [&hellip;]</p>

<!-- This site is optimized with the Yoast SEO plugin v20.2 - https://yoast.com/wordpress/plugins/seo/ -->
<title>Journée de la Femme &mdash; Moto Club de Biltzheim</title>
<meta name="description" content="&nbsp; Quelle meilleure façon de commencer la saison que de célébrer les femmes passionnées de moto ! A l’occasion de la Journée Internationale des Droits" />
<meta name="robots" content="index, follow, max-snippet:-1, max-image-preview:large, max-video-preview:-1" />
<link rel="canonical" href="https://www.anneau-du-rhin.com/moto/activites/journee-de-la-femme/" />
<meta property="og:locale" content="fr_FR" />
<meta property="og:type" content="article" />
<meta property="og:title" content="Journée de la Femme &mdash; Moto Club de Biltzheim" />
<meta property="og:description" content="&nbsp; Quelle meilleure façon de commencer la saison que de célébrer les femmes passionnées de moto ! A l’occasion de la Journée Internationale des Droits" />
<meta property="og:url" content="https://www.anneau-du-rhin.com/moto/activites/journee-de-la-femme/" />
<meta property="og:site_name" content="Moto Club de Biltzheim" />
<meta property="article:modified_time" content="2022-02-15T14:08:14+00:00" />
<meta property="og:image" content="https://www.anneau-du-rhin.com/moto/wp-content/uploads/2021/12/158803722_10158509564072862_7686702508851448040_n-1-300x233.jpg" />
<meta name="twitter:card" content="summary_large_image" />
<meta name="twitter:label1" content="Durée de lecture estimée" />
	<meta name="twitter:data1" content="2 minutes" />
<script type="application/ld+json" class="yoast-schema-graph">{"@context":"https://schema.org","@graph":[{"@type":"WebPage","@id":"https://www.anneau-du-rhin.com/moto/activites/journee-de-la-femme/","url":"https://www.anneau-du-rhin.com/moto/activites/journee-de-la-femme/","name":"Journée de la Femme &mdash; Moto Club de Biltzheim","isPartOf":{"@id":"https://www.anneau-du-rhin.com/moto/#website"},"datePublished":"2021-12-01T19:40:59+00:00","dateModified":"2022-02-15T14:08:14+00:00","description":"&nbsp; Quelle meilleure façon de commencer la saison que de célébrer les femmes passionnées de moto ! A l’occasion de la Journée Internationale des Droits","breadcrumb":{"@id":"https://www.anneau-du-rhin.com/moto/activites/journee-de-la-femme/#breadcrumb"},"inLanguage":"fr-FR","potentialAction":[{"@type":"ReadAction","target":["https://www.anneau-du-rhin.com/moto/activites/journee-de-la-femme/"]}]},{"@type":"BreadcrumbList","@id":"https://www.anneau-du-rhin.com/moto/activites/journee-de-la-femme/#breadcrumb","itemListElement":[{"@type":"ListItem","position":1,"name":"Accueil","item":"https://www.anneau-du-rhin.com/moto/"},{"@type":"ListItem","position":2,"name":"Activités","item":"https://www.anneau-du-rhin.com/moto/activites/"},{"@type":"ListItem","position":3,"name":"Journée de la Femme"}]},{"@type":"WebSite","@id":"https://www.anneau-du-rhin.com/moto/#website","url":"https://www.anneau-du-rhin.com/moto/","name":"Moto Club de Biltzheim","description":"Moto Club de Biltzheim","potentialAction":[{"@type":"SearchAction","target":{"@type":"EntryPoint","urlTemplate":"https://www.anneau-du-rhin.com/moto/?s={search_term_string}"},"query-input":"required name=search_term_string"}],"inLanguage":"fr-FR"}]}</script>
<!-- / Yoast SEO plugin. -->

Journée de la Femme &mdash; Moto Club de Biltzheim

&nbsp; Quelle meilleure façon de commencer la saison que de célébrer les femmes passionnées de moto ! A l’occasion de la Journée Internationale des Droits

Activités
