{"id":122338,"date":"2021-12-01T19:34:29","date_gmt":"2021-12-01T18:34:29","guid":{"rendered":"https:\/\/www.anneau-du-rhin.com\/moto\/?page_id=122338"},"modified":"2021-12-02T15:39:12","modified_gmt":"2021-12-02T14:39:12","slug":"notre-projet","status":"publish","type":"page","link":"https:\/\/www.anneau-du-rhin.com\/moto\/presentation\/notre-projet\/","title":{"rendered":"Notre projet"},"content":{"rendered":"\r\n<p style=\"text-align: center;\"><img decoding=\"async\" loading=\"lazy\" class=\"alignnone  wp-image-122629\" src=\"https:\/\/www.anneau-du-rhin.com\/moto\/wp-content\/uploads\/2021\/12\/anneau-du-Rhin-1048-projet-300x200.jpg\" alt=\"\" width=\"417\" height=\"277\" srcset=\"https:\/\/www.anneau-du-rhin.com\/moto\/wp-content\/uploads\/2021\/12\/anneau-du-Rhin-1048-projet-300x200.jpg 300w, https:\/\/www.anneau-du-rhin.com\/moto\/wp-content\/uploads\/2021\/12\/anneau-du-Rhin-1048-projet-1024x681.jpg 1024w, https:\/\/www.anneau-du-rhin.com\/moto\/wp-content\/uploads\/2021\/12\/anneau-du-Rhin-1048-projet-768x511.jpg 768w, https:\/\/www.anneau-du-rhin.com\/moto\/wp-content\/uploads\/2021\/12\/anneau-du-Rhin-1048-projet-1536x1022.jpg 1536w, https:\/\/www.anneau-du-rhin.com\/moto\/wp-content\/uploads\/2021\/12\/anneau-du-Rhin-1048-projet-2048x1363.jpg 2048w, https:\/\/www.anneau-du-rhin.com\/moto\/wp-content\/uploads\/2021\/12\/anneau-du-Rhin-1048-projet-600x399.jpg 600w\" sizes=\"(max-width: 417px) 100vw, 417px\" \/><\/p>\r\n<p class=\"has-text-align-center\">Apr\u00e8s 18 ann\u00e9es d\u2019activit\u00e9s \u00ab\u00a0entre potes\u00a0\u00bb, de balades avec les voisins motards de notre village de Biltzheim, notre club entame une nouvelle page de son histoire, un nouveau projet. Gr\u00e2ce \u00e0 notre adh\u00e9sion \u00e0 la FFM, nous pouvons d\u00e9velopper nos activit\u00e9s dans les activit\u00e9s sportives, et plus particuli\u00e8rement avec le circuit de vitesse de notre village de Biltzheim\u00a0: l\u2019Anneau du Rhin.<\/p>\r\n\r\n\r\n\r\n<p class=\"has-text-align-center\">Par cons\u00e9quent, nous allons t\u00e2cher de perp\u00e9tuer les activit\u00e9s motocyclistes sur le circuit, et m\u00eame de les d\u00e9velopper, avec de nouvelles activit\u00e9s qui n\u2019\u00e9taient pas propos\u00e9e jusqu\u2019\u00e0 pr\u00e9sent\u00a0\u00e0 l\u2019Anneau du Rhin :<\/p>\r\n\r\n\r\n\r\n<ul>\r\n<li>L\u2019organisation de nouvelles comp\u00e9titions, telle que l\u2019Ultimate Cup.<\/li>\r\n<li>La cr\u00e9ation de journ\u00e9es caritatives, telle que notre implication dans la journ\u00e9e du don du sang.<\/li>\r\n<li>Le d\u00e9veloppement de notre soutien envers le motocyclisme f\u00e9minin, avec par exemple une action particuli\u00e8re pour la journ\u00e9e de la femme<\/li>\r\n<li>L\u2019organisation d\u2019activit\u00e9s routi\u00e8res, conform\u00e9ment \u00e0 la tradition de notre club depuis 2003, \u00e0 savoir des balades entre membres sur les routes alsaciennes.<\/li>\r\n<\/ul>\r\n\r\n\r\n\r\n<p class=\"has-text-align-center\">Ces nouvelles activit\u00e9s cit\u00e9es ci-dessus ne sont \u00e9videmment qu\u2019un point de d\u00e9part, et d\u2019autres initiatives viendront naturellement dans le futur compl\u00e9ter notre programme, en fonction des id\u00e9es n\u00e9es de l\u2019imagination de nos membres, et de nos partenaires. Une nouvelle page se tourne \u00e0 partir de 2022, et c\u2019est plein d\u2019enthousiasme que nous entamons cette nouvelle aventure.<\/p>\r\n","protected":false},"excerpt":{"rendered":"<p>Apr\u00e8s 18 ann\u00e9es d\u2019activit\u00e9s \u00ab\u00a0entre potes\u00a0\u00bb, de balades avec les voisins motards de notre village de Biltzheim, notre club entame une nouvelle page de son histoire, un nouveau projet. Gr\u00e2ce \u00e0 notre adh\u00e9sion \u00e0 la FFM, nous pouvons d\u00e9velopper nos activit\u00e9s dans les activit\u00e9s sportives, et plus particuli\u00e8rement avec le circuit de vitesse de notre [&hellip;]<\/p>\n","protected":false},"author":2,"featured_media":0,"parent":122315,"menu_order":0,"comment_status":"closed","ping_status":"closed","template":"","meta":[],"acf":[],"yoast_head":"<!-- This site is optimized with the Yoast SEO plugin v20.2 - https:\/\/yoast.com\/wordpress\/plugins\/seo\/ -->\n<title>Notre projet &mdash; Moto Club de Biltzheim<\/title>\n<meta name=\"description\" content=\"Apr\u00e8s 18 ann\u00e9es d\u2019activit\u00e9s \u00ab\u00a0entre potes\u00a0\u00bb, de balades avec les voisins motards de notre village de Biltzheim, notre club entame une nouvelle page de son\" \/>\n<meta name=\"robots\" content=\"index, follow, max-snippet:-1, max-image-preview:large, max-video-preview:-1\" \/>\n<link rel=\"canonical\" href=\"https:\/\/www.anneau-du-rhin.com\/moto\/presentation\/notre-projet\/\" \/>\n<meta property=\"og:locale\" content=\"fr_FR\" \/>\n<meta property=\"og:type\" content=\"article\" \/>\n<meta property=\"og:title\" content=\"Notre projet &mdash; Moto Club de Biltzheim\" \/>\n<meta property=\"og:description\" content=\"Apr\u00e8s 18 ann\u00e9es d\u2019activit\u00e9s \u00ab\u00a0entre potes\u00a0\u00bb, de balades avec les voisins motards de notre village de Biltzheim, notre club entame une nouvelle page de son\" \/>\n<meta property=\"og:url\" content=\"https:\/\/www.anneau-du-rhin.com\/moto\/presentation\/notre-projet\/\" \/>\n<meta property=\"og:site_name\" content=\"Moto Club de Biltzheim\" \/>\n<meta property=\"article:modified_time\" content=\"2021-12-02T14:39:12+00:00\" \/>\n<meta property=\"og:image\" content=\"https:\/\/www.anneau-du-rhin.com\/moto\/wp-content\/uploads\/2021\/12\/anneau-du-Rhin-1048-projet-300x200.jpg\" \/>\n<meta name=\"twitter:card\" content=\"summary_large_image\" \/>\n<meta name=\"twitter:label1\" content=\"Dur\u00e9e de lecture estim\u00e9e\" \/>\n\t<meta name=\"twitter:data1\" content=\"2 minutes\" \/>\n<script type=\"application\/ld+json\" class=\"yoast-schema-graph\">{\"@context\":\"https:\/\/schema.org\",\"@graph\":[{\"@type\":\"WebPage\",\"@id\":\"https:\/\/www.anneau-du-rhin.com\/moto\/presentation\/notre-projet\/\",\"url\":\"https:\/\/www.anneau-du-rhin.com\/moto\/presentation\/notre-projet\/\",\"name\":\"Notre projet &mdash; Moto Club de Biltzheim\",\"isPartOf\":{\"@id\":\"https:\/\/www.anneau-du-rhin.com\/moto\/#website\"},\"datePublished\":\"2021-12-01T18:34:29+00:00\",\"dateModified\":\"2021-12-02T14:39:12+00:00\",\"description\":\"Apr\u00e8s 18 ann\u00e9es d\u2019activit\u00e9s \u00ab\u00a0entre potes\u00a0\u00bb, de balades avec les voisins motards de notre village de Biltzheim, notre club entame une nouvelle page de son\",\"breadcrumb\":{\"@id\":\"https:\/\/www.anneau-du-rhin.com\/moto\/presentation\/notre-projet\/#breadcrumb\"},\"inLanguage\":\"fr-FR\",\"potentialAction\":[{\"@type\":\"ReadAction\",\"target\":[\"https:\/\/www.anneau-du-rhin.com\/moto\/presentation\/notre-projet\/\"]}]},{\"@type\":\"BreadcrumbList\",\"@id\":\"https:\/\/www.anneau-du-rhin.com\/moto\/presentation\/notre-projet\/#breadcrumb\",\"itemListElement\":[{\"@type\":\"ListItem\",\"position\":1,\"name\":\"Accueil\",\"item\":\"https:\/\/www.anneau-du-rhin.com\/moto\/\"},{\"@type\":\"ListItem\",\"position\":2,\"name\":\"Pr\u00e9sentation\",\"item\":\"https:\/\/www.anneau-du-rhin.com\/moto\/presentation\/\"},{\"@type\":\"ListItem\",\"position\":3,\"name\":\"Notre projet\"}]},{\"@type\":\"WebSite\",\"@id\":\"https:\/\/www.anneau-du-rhin.com\/moto\/#website\",\"url\":\"https:\/\/www.anneau-du-rhin.com\/moto\/\",\"name\":\"Moto Club de Biltzheim\",\"description\":\"Moto Club de Biltzheim\",\"potentialAction\":[{\"@type\":\"SearchAction\",\"target\":{\"@type\":\"EntryPoint\",\"urlTemplate\":\"https:\/\/www.anneau-du-rhin.com\/moto\/?s={search_term_string}\"},\"query-input\":\"required name=search_term_string\"}],\"inLanguage\":\"fr-FR\"}]}<\/script>\n<!-- \/ Yoast SEO plugin. -->","yoast_head_json":{"title":"Notre projet &mdash; Moto Club de Biltzheim","description":"Apr\u00e8s 18 ann\u00e9es d\u2019activit\u00e9s \u00ab\u00a0entre potes\u00a0\u00bb, de balades avec les voisins motards de notre village de Biltzheim, notre club entame une nouvelle page de son","robots":{"index":"index","follow":"follow","max-snippet":"max-snippet:-1","max-image-preview":"max-image-preview:large","max-video-preview":"max-video-preview:-1"},"canonical":"https:\/\/www.anneau-du-rhin.com\/moto\/presentation\/notre-projet\/","og_locale":"fr_FR","og_type":"article","og_title":"Notre projet &mdash; Moto Club de Biltzheim","og_description":"Apr\u00e8s 18 ann\u00e9es d\u2019activit\u00e9s \u00ab\u00a0entre potes\u00a0\u00bb, de balades avec les voisins motards de notre village de Biltzheim, notre club entame une nouvelle page de son","og_url":"https:\/\/www.anneau-du-rhin.com\/moto\/presentation\/notre-projet\/","og_site_name":"Moto Club de Biltzheim","article_modified_time":"2021-12-02T14:39:12+00:00","og_image":[{"url":"https:\/\/www.anneau-du-rhin.com\/moto\/wp-content\/uploads\/2021\/12\/anneau-du-Rhin-1048-projet-300x200.jpg"}],"twitter_card":"summary_large_image","twitter_misc":{"Dur\u00e9e de lecture estim\u00e9e":"2 minutes"},"schema":{"@context":"https:\/\/schema.org","@graph":[{"@type":"WebPage","@id":"https:\/\/www.anneau-du-rhin.com\/moto\/presentation\/notre-projet\/","url":"https:\/\/www.anneau-du-rhin.com\/moto\/presentation\/notre-projet\/","name":"Notre projet &mdash; Moto Club de Biltzheim","isPartOf":{"@id":"https:\/\/www.anneau-du-rhin.com\/moto\/#website"},"datePublished":"2021-12-01T18:34:29+00:00","dateModified":"2021-12-02T14:39:12+00:00","description":"Apr\u00e8s 18 ann\u00e9es d\u2019activit\u00e9s \u00ab\u00a0entre potes\u00a0\u00bb, de balades avec les voisins motards de notre village de Biltzheim, notre club entame une nouvelle page de son","breadcrumb":{"@id":"https:\/\/www.anneau-du-rhin.com\/moto\/presentation\/notre-projet\/#breadcrumb"},"inLanguage":"fr-FR","potentialAction":[{"@type":"ReadAction","target":["https:\/\/www.anneau-du-rhin.com\/moto\/presentation\/notre-projet\/"]}]},{"@type":"BreadcrumbList","@id":"https:\/\/www.anneau-du-rhin.com\/moto\/presentation\/notre-projet\/#breadcrumb","itemListElement":[{"@type":"ListItem","position":1,"name":"Accueil","item":"https:\/\/www.anneau-du-rhin.com\/moto\/"},{"@type":"ListItem","position":2,"name":"Pr\u00e9sentation","item":"https:\/\/www.anneau-du-rhin.com\/moto\/presentation\/"},{"@type":"ListItem","position":3,"name":"Notre projet"}]},{"@type":"WebSite","@id":"https:\/\/www.anneau-du-rhin.com\/moto\/#website","url":"https:\/\/www.anneau-du-rhin.com\/moto\/","name":"Moto Club de Biltzheim","description":"Moto Club de Biltzheim","potentialAction":[{"@type":"SearchAction","target":{"@type":"EntryPoint","urlTemplate":"https:\/\/www.anneau-du-rhin.com\/moto\/?s={search_term_string}"},"query-input":"required name=search_term_string"}],"inLanguage":"fr-FR"}]}},"_links":{"self":[{"href":"https:\/\/www.anneau-du-rhin.com\/moto\/wp-json\/wp\/v2\/pages\/122338"}],"collection":[{"href":"https:\/\/www.anneau-du-rhin.com\/moto\/wp-json\/wp\/v2\/pages"}],"about":[{"href":"https:\/\/www.anneau-du-rhin.com\/moto\/wp-json\/wp\/v2\/types\/page"}],"author":[{"embeddable":true,"href":"https:\/\/www.anneau-du-rhin.com\/moto\/wp-json\/wp\/v2\/users\/2"}],"replies":[{"embeddable":true,"href":"https:\/\/www.anneau-du-rhin.com\/moto\/wp-json\/wp\/v2\/comments?post=122338"}],"version-history":[{"count":2,"href":"https:\/\/www.anneau-du-rhin.com\/moto\/wp-json\/wp\/v2\/pages\/122338\/revisions"}],"predecessor-version":[{"id":122631,"href":"https:\/\/www.anneau-du-rhin.com\/moto\/wp-json\/wp\/v2\/pages\/122338\/revisions\/122631"}],"up":[{"embeddable":true,"href":"https:\/\/www.anneau-du-rhin.com\/moto\/wp-json\/wp\/v2\/pages\/122315"}],"wp:attachment":[{"href":"https:\/\/www.anneau-du-rhin.com\/moto\/wp-json\/wp\/v2\/media?parent=122338"}],"curies":[{"name":"wp","href":"https:\/\/api.w.org\/{rel}","templated":true}]}}

<p style="text-align: center;"><img decoding="async" loading="lazy" class="alignnone  wp-image-122629" src="https://www.anneau-du-rhin.com/moto/wp-content/uploads/2021/12/anneau-du-Rhin-1048-projet-300x200.jpg" alt="" width="417" height="277" srcset="https://www.anneau-du-rhin.com/moto/wp-content/uploads/2021/12/anneau-du-Rhin-1048-projet-300x200.jpg 300w, https://www.anneau-du-rhin.com/moto/wp-content/uploads/2021/12/anneau-du-Rhin-1048-projet-1024x681.jpg 1024w, https://www.anneau-du-rhin.com/moto/wp-content/uploads/2021/12/anneau-du-Rhin-1048-projet-768x511.jpg 768w, https://www.anneau-du-rhin.com/moto/wp-content/uploads/2021/12/anneau-du-Rhin-1048-projet-1536x1022.jpg 1536w, https://www.anneau-du-rhin.com/moto/wp-content/uploads/2021/12/anneau-du-Rhin-1048-projet-2048x1363.jpg 2048w, https://www.anneau-du-rhin.com/moto/wp-content/uploads/2021/12/anneau-du-Rhin-1048-projet-600x399.jpg 600w" sizes="(max-width: 417px) 100vw, 417px" /></p>
<p class="has-text-align-center">Après 18 années d’activités « entre potes », de balades avec les voisins motards de notre village de Biltzheim, notre club entame une nouvelle page de son histoire, un nouveau projet. Grâce à notre adhésion à la FFM, nous pouvons développer nos activités dans les activités sportives, et plus particulièrement avec le circuit de vitesse de notre village de Biltzheim : l’Anneau du Rhin.</p>



<p class="has-text-align-center">Par conséquent, nous allons tâcher de perpétuer les activités motocyclistes sur le circuit, et même de les développer, avec de nouvelles activités qui n’étaient pas proposée jusqu’à présent à l’Anneau du Rhin :</p>



<ul>
<li>L’organisation de nouvelles compétitions, telle que l’Ultimate Cup.</li>
<li>La création de journées caritatives, telle que notre implication dans la journée du don du sang.</li>
<li>Le développement de notre soutien envers le motocyclisme féminin, avec par exemple une action particulière pour la journée de la femme</li>
<li>L’organisation d’activités routières, conformément à la tradition de notre club depuis 2003, à savoir des balades entre membres sur les routes alsaciennes.</li>
</ul>



<p class="has-text-align-center">Ces nouvelles activités citées ci-dessus ne sont évidemment qu’un point de départ, et d’autres initiatives viendront naturellement dans le futur compléter notre programme, en fonction des idées nées de l’imagination de nos membres, et de nos partenaires. Une nouvelle page se tourne à partir de 2022, et c’est plein d’enthousiasme que nous entamons cette nouvelle aventure.</p>

<p>Après 18 années d’activités « entre potes », de balades avec les voisins motards de notre village de Biltzheim, notre club entame une nouvelle page de son histoire, un nouveau projet. Grâce à notre adhésion à la FFM, nous pouvons développer nos activités dans les activités sportives, et plus particulièrement avec le circuit de vitesse de notre [&hellip;]</p>

<!-- This site is optimized with the Yoast SEO plugin v20.2 - https://yoast.com/wordpress/plugins/seo/ -->
<title>Notre projet &mdash; Moto Club de Biltzheim</title>
<meta name="description" content="Après 18 années d’activités « entre potes », de balades avec les voisins motards de notre village de Biltzheim, notre club entame une nouvelle page de son" />
<meta name="robots" content="index, follow, max-snippet:-1, max-image-preview:large, max-video-preview:-1" />
<link rel="canonical" href="https://www.anneau-du-rhin.com/moto/presentation/notre-projet/" />
<meta property="og:locale" content="fr_FR" />
<meta property="og:type" content="article" />
<meta property="og:title" content="Notre projet &mdash; Moto Club de Biltzheim" />
<meta property="og:description" content="Après 18 années d’activités « entre potes », de balades avec les voisins motards de notre village de Biltzheim, notre club entame une nouvelle page de son" />
<meta property="og:url" content="https://www.anneau-du-rhin.com/moto/presentation/notre-projet/" />
<meta property="og:site_name" content="Moto Club de Biltzheim" />
<meta property="article:modified_time" content="2021-12-02T14:39:12+00:00" />
<meta property="og:image" content="https://www.anneau-du-rhin.com/moto/wp-content/uploads/2021/12/anneau-du-Rhin-1048-projet-300x200.jpg" />
<meta name="twitter:card" content="summary_large_image" />
<meta name="twitter:label1" content="Durée de lecture estimée" />
	<meta name="twitter:data1" content="2 minutes" />
<script type="application/ld+json" class="yoast-schema-graph">{"@context":"https://schema.org","@graph":[{"@type":"WebPage","@id":"https://www.anneau-du-rhin.com/moto/presentation/notre-projet/","url":"https://www.anneau-du-rhin.com/moto/presentation/notre-projet/","name":"Notre projet &mdash; Moto Club de Biltzheim","isPartOf":{"@id":"https://www.anneau-du-rhin.com/moto/#website"},"datePublished":"2021-12-01T18:34:29+00:00","dateModified":"2021-12-02T14:39:12+00:00","description":"Après 18 années d’activités « entre potes », de balades avec les voisins motards de notre village de Biltzheim, notre club entame une nouvelle page de son","breadcrumb":{"@id":"https://www.anneau-du-rhin.com/moto/presentation/notre-projet/#breadcrumb"},"inLanguage":"fr-FR","potentialAction":[{"@type":"ReadAction","target":["https://www.anneau-du-rhin.com/moto/presentation/notre-projet/"]}]},{"@type":"BreadcrumbList","@id":"https://www.anneau-du-rhin.com/moto/presentation/notre-projet/#breadcrumb","itemListElement":[{"@type":"ListItem","position":1,"name":"Accueil","item":"https://www.anneau-du-rhin.com/moto/"},{"@type":"ListItem","position":2,"name":"Présentation","item":"https://www.anneau-du-rhin.com/moto/presentation/"},{"@type":"ListItem","position":3,"name":"Notre projet"}]},{"@type":"WebSite","@id":"https://www.anneau-du-rhin.com/moto/#website","url":"https://www.anneau-du-rhin.com/moto/","name":"Moto Club de Biltzheim","description":"Moto Club de Biltzheim","potentialAction":[{"@type":"SearchAction","target":{"@type":"EntryPoint","urlTemplate":"https://www.anneau-du-rhin.com/moto/?s={search_term_string}"},"query-input":"required name=search_term_string"}],"inLanguage":"fr-FR"}]}</script>
<!-- / Yoast SEO plugin. -->

Après 18 années d’activités « entre potes », de balades avec les voisins motards de notre village de Biltzheim, notre club entame une nouvelle page de son

Présentation
