{"id":122320,"date":"2021-12-01T19:14:55","date_gmt":"2021-12-01T18:14:55","guid":{"rendered":"https:\/\/www.anneau-du-rhin.com\/moto\/?page_id=122320"},"modified":"2023-01-04T18:14:32","modified_gmt":"2023-01-04T17:14:32","slug":"infos","status":"publish","type":"page","link":"https:\/\/www.anneau-du-rhin.com\/moto\/infos\/","title":{"rendered":"Infos"},"content":{"rendered":"<p>Nous vous rappelons\u00a0que l\u2019enceinte de l\u2019Anneau du Rhin ouvre les portes exclusivement \u00e0 ses invit\u00e9s de 8.00h \u00e0 19.00h. Le public n\u2019est pas admis dans l\u2019enceinte. En revanche, l\u2019acc\u00e8s \u00e0 la \u00ab Tribune Spectateurs \u00bb est gratuite (l\u2019entr\u00e9e sp\u00e9cifique est situ\u00e9e \u00e0 100m \u00e0 gauche du portail principal). Cette tribune est ouverte tous les jours, toute l\u2019ann\u00e9e, de 8.00h \u00e0 19.30h. L\u2019acc\u00e8s aux pistes est ouvert de 9.00h \u00e0 12.30h et de 13.30h \u00e0 17.00h (16.00h en novembre, d\u00e9cembre et f\u00e9vrier). Les horaires d\u2019ouverture de nos bureaux sont d\u00e9taill\u00e9s \u00e0 la rubrique \u00ab<em><strong> <a href=\"https:\/\/www.anneau-du-rhin.com\/moto\/contact\/\" target=\"_blank\" rel=\"noopener\">Contact<\/a>\u00a0<\/strong><\/em>\u00bb.<\/p>\n<p class=\"x_MsoNormal\">Nous vous rappelons que le\u00a0<em><strong>survol en drone du circuit ou de ses b\u00e2timents est totalement interdit ainsi que l\u2019atterrissage sur la piste ou dans l\u2019enceinte du circuit.<\/strong><\/em><\/p>\n<p class=\"x_MsoNormal\"><em><strong>La prise et la diffusion de photos ou vid\u00e9os dans l\u2019enceinte du circuit sans autorisation est interdite.<\/strong><\/em><\/p>\n<p>&nbsp;<\/p>\n<p><img decoding=\"async\" loading=\"lazy\" class=\"aligncenter wp-image-124612 \" src=\"https:\/\/www.anneau-du-rhin.com\/moto\/wp-content\/uploads\/2023\/01\/20191017_145129-768x576-1.jpg\" alt=\"\" width=\"580\" height=\"435\" srcset=\"https:\/\/www.anneau-du-rhin.com\/moto\/wp-content\/uploads\/2023\/01\/20191017_145129-768x576-1.jpg 768w, https:\/\/www.anneau-du-rhin.com\/moto\/wp-content\/uploads\/2023\/01\/20191017_145129-768x576-1-300x225.jpg 300w, https:\/\/www.anneau-du-rhin.com\/moto\/wp-content\/uploads\/2023\/01\/20191017_145129-768x576-1-600x450.jpg 600w\" sizes=\"(max-width: 580px) 100vw, 580px\" \/><\/p>\n<p><img decoding=\"async\" loading=\"lazy\" class=\"aligncenter wp-image-124614 \" src=\"https:\/\/www.anneau-du-rhin.com\/moto\/wp-content\/uploads\/2023\/01\/set-2-simple-vector-interdit-signe-aucun-drone-isole-blanc_9834-2316-600x400-1.jpg\" alt=\"\" width=\"570\" height=\"380\" srcset=\"https:\/\/www.anneau-du-rhin.com\/moto\/wp-content\/uploads\/2023\/01\/set-2-simple-vector-interdit-signe-aucun-drone-isole-blanc_9834-2316-600x400-1.jpg 600w, https:\/\/www.anneau-du-rhin.com\/moto\/wp-content\/uploads\/2023\/01\/set-2-simple-vector-interdit-signe-aucun-drone-isole-blanc_9834-2316-600x400-1-300x200.jpg 300w\" sizes=\"(max-width: 570px) 100vw, 570px\" \/><\/p>\n","protected":false},"excerpt":{"rendered":"<p>Nous vous rappelons\u00a0que l\u2019enceinte de l\u2019Anneau du Rhin ouvre les portes exclusivement \u00e0 ses invit\u00e9s de 8.00h \u00e0 19.00h. Le public n\u2019est pas admis dans l\u2019enceinte. En revanche, l\u2019acc\u00e8s \u00e0 la \u00ab Tribune Spectateurs \u00bb est gratuite (l\u2019entr\u00e9e sp\u00e9cifique est situ\u00e9e \u00e0 100m \u00e0 gauche du portail principal). Cette tribune est ouverte tous les jours, [&hellip;]<\/p>\n","protected":false},"author":2,"featured_media":0,"parent":0,"menu_order":0,"comment_status":"closed","ping_status":"closed","template":"","meta":[],"acf":[],"yoast_head":"<!-- This site is optimized with the Yoast SEO plugin v20.2 - https:\/\/yoast.com\/wordpress\/plugins\/seo\/ -->\n<title>Infos &mdash; Moto Club de Biltzheim<\/title>\n<meta name=\"description\" content=\"Nous vous rappelons\u00a0que l\u2019enceinte de l\u2019Anneau du Rhin ouvre les portes exclusivement \u00e0 ses invit\u00e9s de 8.00h \u00e0 19.00h. Le public n\u2019est pas admis dans\" \/>\n<meta name=\"robots\" content=\"index, follow, max-snippet:-1, max-image-preview:large, max-video-preview:-1\" \/>\n<link rel=\"canonical\" href=\"https:\/\/www.anneau-du-rhin.com\/moto\/infos\/\" \/>\n<meta property=\"og:locale\" content=\"fr_FR\" \/>\n<meta property=\"og:type\" content=\"article\" \/>\n<meta property=\"og:title\" content=\"Infos &mdash; Moto Club de Biltzheim\" \/>\n<meta property=\"og:description\" content=\"Nous vous rappelons\u00a0que l\u2019enceinte de l\u2019Anneau du Rhin ouvre les portes exclusivement \u00e0 ses invit\u00e9s de 8.00h \u00e0 19.00h. Le public n\u2019est pas admis dans\" \/>\n<meta property=\"og:url\" content=\"https:\/\/www.anneau-du-rhin.com\/moto\/infos\/\" \/>\n<meta property=\"og:site_name\" content=\"Moto Club de Biltzheim\" \/>\n<meta property=\"article:modified_time\" content=\"2023-01-04T17:14:32+00:00\" \/>\n<meta property=\"og:image\" content=\"https:\/\/www.anneau-du-rhin.com\/moto\/wp-content\/uploads\/2023\/01\/20191017_145129-768x576-1.jpg\" \/>\n<meta name=\"twitter:card\" content=\"summary_large_image\" \/>\n<meta name=\"twitter:label1\" content=\"Dur\u00e9e de lecture estim\u00e9e\" \/>\n\t<meta name=\"twitter:data1\" content=\"2 minutes\" \/>\n<script type=\"application\/ld+json\" class=\"yoast-schema-graph\">{\"@context\":\"https:\/\/schema.org\",\"@graph\":[{\"@type\":\"WebPage\",\"@id\":\"https:\/\/www.anneau-du-rhin.com\/moto\/infos\/\",\"url\":\"https:\/\/www.anneau-du-rhin.com\/moto\/infos\/\",\"name\":\"Infos &mdash; Moto Club de Biltzheim\",\"isPartOf\":{\"@id\":\"https:\/\/www.anneau-du-rhin.com\/moto\/#website\"},\"datePublished\":\"2021-12-01T18:14:55+00:00\",\"dateModified\":\"2023-01-04T17:14:32+00:00\",\"description\":\"Nous vous rappelons\u00a0que l\u2019enceinte de l\u2019Anneau du Rhin ouvre les portes exclusivement \u00e0 ses invit\u00e9s de 8.00h \u00e0 19.00h. Le public n\u2019est pas admis dans\",\"breadcrumb\":{\"@id\":\"https:\/\/www.anneau-du-rhin.com\/moto\/infos\/#breadcrumb\"},\"inLanguage\":\"fr-FR\",\"potentialAction\":[{\"@type\":\"ReadAction\",\"target\":[\"https:\/\/www.anneau-du-rhin.com\/moto\/infos\/\"]}]},{\"@type\":\"BreadcrumbList\",\"@id\":\"https:\/\/www.anneau-du-rhin.com\/moto\/infos\/#breadcrumb\",\"itemListElement\":[{\"@type\":\"ListItem\",\"position\":1,\"name\":\"Accueil\",\"item\":\"https:\/\/www.anneau-du-rhin.com\/moto\/\"},{\"@type\":\"ListItem\",\"position\":2,\"name\":\"Infos\"}]},{\"@type\":\"WebSite\",\"@id\":\"https:\/\/www.anneau-du-rhin.com\/moto\/#website\",\"url\":\"https:\/\/www.anneau-du-rhin.com\/moto\/\",\"name\":\"Moto Club de Biltzheim\",\"description\":\"Moto Club de Biltzheim\",\"potentialAction\":[{\"@type\":\"SearchAction\",\"target\":{\"@type\":\"EntryPoint\",\"urlTemplate\":\"https:\/\/www.anneau-du-rhin.com\/moto\/?s={search_term_string}\"},\"query-input\":\"required name=search_term_string\"}],\"inLanguage\":\"fr-FR\"}]}<\/script>\n<!-- \/ Yoast SEO plugin. -->","yoast_head_json":{"title":"Infos &mdash; Moto Club de Biltzheim","description":"Nous vous rappelons\u00a0que l\u2019enceinte de l\u2019Anneau du Rhin ouvre les portes exclusivement \u00e0 ses invit\u00e9s de 8.00h \u00e0 19.00h. Le public n\u2019est pas admis dans","robots":{"index":"index","follow":"follow","max-snippet":"max-snippet:-1","max-image-preview":"max-image-preview:large","max-video-preview":"max-video-preview:-1"},"canonical":"https:\/\/www.anneau-du-rhin.com\/moto\/infos\/","og_locale":"fr_FR","og_type":"article","og_title":"Infos &mdash; Moto Club de Biltzheim","og_description":"Nous vous rappelons\u00a0que l\u2019enceinte de l\u2019Anneau du Rhin ouvre les portes exclusivement \u00e0 ses invit\u00e9s de 8.00h \u00e0 19.00h. Le public n\u2019est pas admis dans","og_url":"https:\/\/www.anneau-du-rhin.com\/moto\/infos\/","og_site_name":"Moto Club de Biltzheim","article_modified_time":"2023-01-04T17:14:32+00:00","og_image":[{"url":"https:\/\/www.anneau-du-rhin.com\/moto\/wp-content\/uploads\/2023\/01\/20191017_145129-768x576-1.jpg"}],"twitter_card":"summary_large_image","twitter_misc":{"Dur\u00e9e de lecture estim\u00e9e":"2 minutes"},"schema":{"@context":"https:\/\/schema.org","@graph":[{"@type":"WebPage","@id":"https:\/\/www.anneau-du-rhin.com\/moto\/infos\/","url":"https:\/\/www.anneau-du-rhin.com\/moto\/infos\/","name":"Infos &mdash; Moto Club de Biltzheim","isPartOf":{"@id":"https:\/\/www.anneau-du-rhin.com\/moto\/#website"},"datePublished":"2021-12-01T18:14:55+00:00","dateModified":"2023-01-04T17:14:32+00:00","description":"Nous vous rappelons\u00a0que l\u2019enceinte de l\u2019Anneau du Rhin ouvre les portes exclusivement \u00e0 ses invit\u00e9s de 8.00h \u00e0 19.00h. Le public n\u2019est pas admis dans","breadcrumb":{"@id":"https:\/\/www.anneau-du-rhin.com\/moto\/infos\/#breadcrumb"},"inLanguage":"fr-FR","potentialAction":[{"@type":"ReadAction","target":["https:\/\/www.anneau-du-rhin.com\/moto\/infos\/"]}]},{"@type":"BreadcrumbList","@id":"https:\/\/www.anneau-du-rhin.com\/moto\/infos\/#breadcrumb","itemListElement":[{"@type":"ListItem","position":1,"name":"Accueil","item":"https:\/\/www.anneau-du-rhin.com\/moto\/"},{"@type":"ListItem","position":2,"name":"Infos"}]},{"@type":"WebSite","@id":"https:\/\/www.anneau-du-rhin.com\/moto\/#website","url":"https:\/\/www.anneau-du-rhin.com\/moto\/","name":"Moto Club de Biltzheim","description":"Moto Club de Biltzheim","potentialAction":[{"@type":"SearchAction","target":{"@type":"EntryPoint","urlTemplate":"https:\/\/www.anneau-du-rhin.com\/moto\/?s={search_term_string}"},"query-input":"required name=search_term_string"}],"inLanguage":"fr-FR"}]}},"_links":{"self":[{"href":"https:\/\/www.anneau-du-rhin.com\/moto\/wp-json\/wp\/v2\/pages\/122320"}],"collection":[{"href":"https:\/\/www.anneau-du-rhin.com\/moto\/wp-json\/wp\/v2\/pages"}],"about":[{"href":"https:\/\/www.anneau-du-rhin.com\/moto\/wp-json\/wp\/v2\/types\/page"}],"author":[{"embeddable":true,"href":"https:\/\/www.anneau-du-rhin.com\/moto\/wp-json\/wp\/v2\/users\/2"}],"replies":[{"embeddable":true,"href":"https:\/\/www.anneau-du-rhin.com\/moto\/wp-json\/wp\/v2\/comments?post=122320"}],"version-history":[{"count":4,"href":"https:\/\/www.anneau-du-rhin.com\/moto\/wp-json\/wp\/v2\/pages\/122320\/revisions"}],"predecessor-version":[{"id":124616,"href":"https:\/\/www.anneau-du-rhin.com\/moto\/wp-json\/wp\/v2\/pages\/122320\/revisions\/124616"}],"wp:attachment":[{"href":"https:\/\/www.anneau-du-rhin.com\/moto\/wp-json\/wp\/v2\/media?parent=122320"}],"curies":[{"name":"wp","href":"https:\/\/api.w.org\/{rel}","templated":true}]}}

<p>Nous vous rappelons que l’enceinte de l’Anneau du Rhin ouvre les portes exclusivement à ses invités de 8.00h à 19.00h. Le public n’est pas admis dans l’enceinte. En revanche, l’accès à la « Tribune Spectateurs » est gratuite (l’entrée spécifique est située à 100m à gauche du portail principal). Cette tribune est ouverte tous les jours, toute l’année, de 8.00h à 19.30h. L’accès aux pistes est ouvert de 9.00h à 12.30h et de 13.30h à 17.00h (16.00h en novembre, décembre et février). Les horaires d’ouverture de nos bureaux sont détaillés à la rubrique «<em><strong> <a href="https://www.anneau-du-rhin.com/moto/contact/" target="_blank" rel="noopener">Contact</a> </strong></em>».</p>
<p class="x_MsoNormal">Nous vous rappelons que le <em><strong>survol en drone du circuit ou de ses bâtiments est totalement interdit ainsi que l’atterrissage sur la piste ou dans l’enceinte du circuit.</strong></em></p>
<p class="x_MsoNormal"><em><strong>La prise et la diffusion de photos ou vidéos dans l’enceinte du circuit sans autorisation est interdite.</strong></em></p>
<p>&nbsp;</p>
<p><img decoding="async" loading="lazy" class="aligncenter wp-image-124612 " src="https://www.anneau-du-rhin.com/moto/wp-content/uploads/2023/01/20191017_145129-768x576-1.jpg" alt="" width="580" height="435" srcset="https://www.anneau-du-rhin.com/moto/wp-content/uploads/2023/01/20191017_145129-768x576-1.jpg 768w, https://www.anneau-du-rhin.com/moto/wp-content/uploads/2023/01/20191017_145129-768x576-1-300x225.jpg 300w, https://www.anneau-du-rhin.com/moto/wp-content/uploads/2023/01/20191017_145129-768x576-1-600x450.jpg 600w" sizes="(max-width: 580px) 100vw, 580px" /></p>
<p><img decoding="async" loading="lazy" class="aligncenter wp-image-124614 " src="https://www.anneau-du-rhin.com/moto/wp-content/uploads/2023/01/set-2-simple-vector-interdit-signe-aucun-drone-isole-blanc_9834-2316-600x400-1.jpg" alt="" width="570" height="380" srcset="https://www.anneau-du-rhin.com/moto/wp-content/uploads/2023/01/set-2-simple-vector-interdit-signe-aucun-drone-isole-blanc_9834-2316-600x400-1.jpg 600w, https://www.anneau-du-rhin.com/moto/wp-content/uploads/2023/01/set-2-simple-vector-interdit-signe-aucun-drone-isole-blanc_9834-2316-600x400-1-300x200.jpg 300w" sizes="(max-width: 570px) 100vw, 570px" /></p>

<p>Nous vous rappelons que l’enceinte de l’Anneau du Rhin ouvre les portes exclusivement à ses invités de 8.00h à 19.00h. Le public n’est pas admis dans l’enceinte. En revanche, l’accès à la « Tribune Spectateurs » est gratuite (l’entrée spécifique est située à 100m à gauche du portail principal). Cette tribune est ouverte tous les jours, [&hellip;]</p>

<!-- This site is optimized with the Yoast SEO plugin v20.2 - https://yoast.com/wordpress/plugins/seo/ -->
<title>Infos &mdash; Moto Club de Biltzheim</title>
<meta name="description" content="Nous vous rappelons que l’enceinte de l’Anneau du Rhin ouvre les portes exclusivement à ses invités de 8.00h à 19.00h. Le public n’est pas admis dans" />
<meta name="robots" content="index, follow, max-snippet:-1, max-image-preview:large, max-video-preview:-1" />
<link rel="canonical" href="https://www.anneau-du-rhin.com/moto/infos/" />
<meta property="og:locale" content="fr_FR" />
<meta property="og:type" content="article" />
<meta property="og:title" content="Infos &mdash; Moto Club de Biltzheim" />
<meta property="og:description" content="Nous vous rappelons que l’enceinte de l’Anneau du Rhin ouvre les portes exclusivement à ses invités de 8.00h à 19.00h. Le public n’est pas admis dans" />
<meta property="og:url" content="https://www.anneau-du-rhin.com/moto/infos/" />
<meta property="og:site_name" content="Moto Club de Biltzheim" />
<meta property="article:modified_time" content="2023-01-04T17:14:32+00:00" />
<meta property="og:image" content="https://www.anneau-du-rhin.com/moto/wp-content/uploads/2023/01/20191017_145129-768x576-1.jpg" />
<meta name="twitter:card" content="summary_large_image" />
<meta name="twitter:label1" content="Durée de lecture estimée" />
	<meta name="twitter:data1" content="2 minutes" />
<script type="application/ld+json" class="yoast-schema-graph">{"@context":"https://schema.org","@graph":[{"@type":"WebPage","@id":"https://www.anneau-du-rhin.com/moto/infos/","url":"https://www.anneau-du-rhin.com/moto/infos/","name":"Infos &mdash; Moto Club de Biltzheim","isPartOf":{"@id":"https://www.anneau-du-rhin.com/moto/#website"},"datePublished":"2021-12-01T18:14:55+00:00","dateModified":"2023-01-04T17:14:32+00:00","description":"Nous vous rappelons que l’enceinte de l’Anneau du Rhin ouvre les portes exclusivement à ses invités de 8.00h à 19.00h. Le public n’est pas admis dans","breadcrumb":{"@id":"https://www.anneau-du-rhin.com/moto/infos/#breadcrumb"},"inLanguage":"fr-FR","potentialAction":[{"@type":"ReadAction","target":["https://www.anneau-du-rhin.com/moto/infos/"]}]},{"@type":"BreadcrumbList","@id":"https://www.anneau-du-rhin.com/moto/infos/#breadcrumb","itemListElement":[{"@type":"ListItem","position":1,"name":"Accueil","item":"https://www.anneau-du-rhin.com/moto/"},{"@type":"ListItem","position":2,"name":"Infos"}]},{"@type":"WebSite","@id":"https://www.anneau-du-rhin.com/moto/#website","url":"https://www.anneau-du-rhin.com/moto/","name":"Moto Club de Biltzheim","description":"Moto Club de Biltzheim","potentialAction":[{"@type":"SearchAction","target":{"@type":"EntryPoint","urlTemplate":"https://www.anneau-du-rhin.com/moto/?s={search_term_string}"},"query-input":"required name=search_term_string"}],"inLanguage":"fr-FR"}]}</script>
<!-- / Yoast SEO plugin. -->

Nous vous rappelons que l’enceinte de l’Anneau du Rhin ouvre les portes exclusivement à ses invités de 8.00h à 19.00h. Le public n’est pas admis dans
